NOAA-Style Climate Reports

Select a Year or Month report
2017: Jan Feb Mar Apr May Jun Jul Aug Sep Oct Nov Dec
2016: Jan Feb Mar Apr May Jun Jul Aug Sep Oct Nov Dec
2015: Jan Feb Mar Apr May Jun Jul Aug Sep Oct Nov Dec

Report for 2017 September
                   Monthly Climatological Summary for Sep 2017

Name: Picton Weather   City: Picton   State: New Zealand
Elevation: 6 m  Lat: S 41 17 34   Lon: E 173 59 57

                  Temperature (°C), Rain (mm), Wind Speed (km/h)

                                      Heat  Cool        Avg
    Mean                              Deg   Deg         Wind                 Dom
Day Temp  High   Time   Low    Time   Days  Days  Rain  Speed High   Time    Dir
----------------------------------------------------------------------------------
01   9.2  12.4   14:11   6.1   22:45   9.1   0.0   1.8   1.7  14.5   11:54     N
02   8.9  12.4   12:36   3.6   07:12   9.4   0.0   0.0   6.4  37.0   15:04   SSE
03  10.4  13.6   13:29   1.9   07:37   7.9   0.0   0.0   7.5  30.6   16:32   SSE
04   9.0  13.6   14:47   4.5   23:51   9.3   0.0   0.0   2.1  17.7   14:40   NNE
05  10.5  16.3   22:30   3.4   04:15   7.8   0.0   3.4   8.6  53.1   12:11   NNE
06  14.6  17.2   12:23  10.1   07:24   3.7   0.0   3.6  12.8  46.7   00:00   NNE
07  11.8  15.5   12:12   8.9   22:51   6.5   0.0   4.0  10.3  51.5   13:52    NE
08  11.6  14.6   13:36   6.4   02:21   6.7   0.0   0.0  10.0  45.1   13:02    NE
09  11.3  15.5   12:31   8.6   23:55   7.0   0.0   0.0   6.2  35.4   14:08   NNE
10   9.8  14.5   13:38   4.6   07:10   8.5   0.0   0.0   7.4  38.6   14:02    NE
11   6.5  13.6   12:02   2.2   23:59  11.8   0.0   1.2   2.7  19.3   15:35   NNE
12   8.3  17.8   15:01   0.2   06:39  10.0   0.0   0.4   3.4  32.2   18:43   WNW
13  11.0  18.1   12:57   2.5   06:37   7.3   0.0   0.0   5.9  38.6   16:54   NNE
14  14.2  18.2   11:47   9.3   05:57   4.1   0.0   0.0   7.4  37.0   13:08   NNE
15  15.5  16.9   13:01  14.0   23:49   2.8   0.0   8.2  19.5  69.2   12:49   NNE
16  12.0  16.2   12:20   5.7   23:41   6.3   0.0   7.6   5.7  40.2   00:03    NE
17  10.1  14.7   11:34   4.4   06:04   8.2   0.0  12.2   9.8  45.1   14:04   NNE
18   9.1  14.9   12:10   5.7   07:11   9.2   0.0  20.8   3.3  32.2   23:21    SW
19  10.8  13.1   14:25   8.9   00:00   7.5   0.0  15.4   5.5  45.1   04:15   SSW
20  10.1  14.6   13:43   6.3   22:45   8.2   0.0   0.0   3.0  19.3   13:44   NNE
21  10.5  14.9   12:46   6.7   01:51   7.8   0.0   3.6   2.4  17.7   13:04    NE
22  11.0  13.3   12:48   9.1   07:07   7.3   0.0  12.2   7.6  46.7   14:40   SSW
23  12.0  17.8   14:52   6.9   05:57   6.3   0.0   0.2   4.2  22.5   09:41    NE
24  13.8  20.4   13:53   6.5   06:35   4.5   0.2   0.2   6.7  33.8   15:45    NE
25  16.3  18.4   15:44  14.7   08:47   2.0   0.0   3.8  18.6  57.9   14:54    NE
----------------------------------------------------------------------------------
    11.1  20.4    24     0.2    12   179.2   0.2  98.6   7.1  69.2    15      NE

Max >=  27.0  0
Max <=   0.0  0
Min <=   0.0  0
Min <= -18.0  0
Max Rain: 20.8 on day 18
Days of Rain: 16 (>= 0.2 mm)  11 (>= 2.0 mm)  1 (>= 20.0 mm)
Heat Base: 18.3  Cool Base: 18.3  Method: Integration