NOAA-Style Climate Reports

Select a Year or Month report
2017: Jan Feb Mar Apr May Jun Jul Aug Sep Oct Nov Dec
2016: Jan Feb Mar Apr May Jun Jul Aug Sep Oct Nov Dec
2015: Jan Feb Mar Apr May Jun Jul Aug Sep Oct Nov Dec

Report for 2017 November
                   Monthly Climatological Summary for Nov 2017

Name: Picton Weather   City: Picton   State: New Zealand
Elevation: 6 m  Lat: S 41 17 35   Lon: E 173 59 58

                  Temperature (°C), Rain (mm), Wind Speed (km/h)

                                      Heat  Cool        Avg
    Mean                              Deg   Deg         Wind                 Dom
Day Temp  High   Time   Low    Time   Days  Days  Rain  Speed High   Time    Dir
----------------------------------------------------------------------------------
01  15.3  20.9   14:49   9.6   06:27   3.5   0.5   0.2   6.2  30.6   13:28   NNE
02  15.8  20.3   14:31   9.6   02:20   2.7   0.2   0.0   9.7  45.1   21:34   NNE
03  16.8  18.8   18:12  14.6   04:22   1.6   0.0   5.0  15.4  43.5   17:31   NNE
04  17.6  19.6   11:57  16.3   04:45   0.8   0.1   0.0  13.8  48.3   15:37    NE
05  16.3  19.4   10:24  12.1   22:47   2.1   0.1   0.0  10.2  49.9   14:29    NE
06  12.8  18.4   13:23   7.2   23:57   5.5   0.0   0.0   5.8  33.8   03:27     N
07  12.0  16.8   23:21   3.8   06:22   6.3   0.0   0.8  13.4  67.6   22:59   NNE
08  15.9  18.6   14:45   9.9   23:59   2.4   0.0  17.8  14.4  75.6   02:08   NNE
09  13.2  19.3   17:01   3.9   06:15   5.2   0.1   0.0   8.5  51.5   21:46    NE
10  12.8  16.2   15:54   8.8   03:18   5.5   0.0   0.0   7.6  37.0   04:47     S
11  12.3  17.3   13:17   8.3   05:53   6.0   0.0   0.0   8.4  33.8   10:39     S
12  12.0  16.4   09:05   9.2   03:56   6.3   0.0   1.0   5.1  27.4   06:06   SSE
13  11.2  13.6   09:19  10.0   04:52   7.1   0.0   0.8   5.6  35.4   13:09   SSE
14  12.6  17.8   11:31   9.1   01:42   5.7   0.0   0.0   6.0  32.2   16:24     S
15  13.0  18.9   15:47   6.6   06:30   5.3   0.0   0.0   5.0  24.1   22:15     N
16  13.9  20.3   14:21   7.2   03:25   4.6   0.3   0.0   7.3  35.4   13:10    NE
17  14.9  22.4   12:07   8.4   06:04   3.8   0.3   0.2   4.9  40.2   17:52    SE
----------------------------------------------------------------------------------
    14.0  22.4    17     3.8     7    74.4   1.6  25.8   8.7  75.6     8      NE

Max >=  27.0  0
Max <=   0.0  0
Min <=   0.0  0
Min <= -18.0  0
Max Rain: 17.8 on day 8
Days of Rain: 7 (>= 0.2 mm)  2 (>= 2.0 mm)  0 (>= 20.0 mm)
Heat Base: 18.3  Cool Base: 18.3  Method: Integration