NOAA-Style Climate Reports

Select a Year or Month report
2018: Jan Feb Mar Apr May Jun Jul Aug Sep Oct Nov Dec
2017: Jan Feb Mar Apr May Jun Jul Aug Sep Oct Nov Dec
2016: Jan Feb Mar Apr May Jun Jul Aug Sep Oct Nov Dec
2015: Jan Feb Mar Apr May Jun Jul Aug Sep Oct Nov Dec

Report for 2018 July
                   Monthly Climatological Summary for Jul 2018

Name: Picton Weather   City: Picton   State: New Zealand
Elevation: 6 m  Lat: S 41 17 35   Lon: E 173 59 57

                  Temperature (°C), Rain (mm), Wind Speed (km/h)

                                      Heat  Cool        Avg
    Mean                              Deg   Deg         Wind                 Dom
Day Temp  High   Time   Low    Time   Days  Days  Rain  Speed High   Time    Dir
----------------------------------------------------------------------------------
01   9.9  13.0   14:25   3.2   00:00   8.4   0.0  14.9   4.2  32.2   14:13     N
02   8.5  13.7   13:25   6.4   03:34   9.8   0.0   2.6   1.1  17.7   22:38   SSW
03   5.1  11.2   13:51   1.1   07:33  13.2   0.0   0.2   1.1  20.9   01:01   SSW
04   5.0  13.1   13:47   0.1   06:55  13.3   0.0   0.5   0.8  14.5   12:57   NNW
05   5.1  11.4   13:45   0.6   03:17  13.2   0.0   0.2   0.8   9.7   14:01   NNW
06   8.7  13.7   13:29   3.3   06:33   9.6   0.0   0.2   4.9  29.0   23:46   NNE
07  13.0  15.4   16:54  10.1   23:57   5.3   0.0   4.6  13.1  61.2   01:31    NE
08  12.9  15.2   15:44   9.6   01:56   5.4   0.0  61.0  12.7  72.4   14:03    NE
09  10.6  13.6   10:04   5.8   21:34   7.7   0.0   7.2   7.7  54.7   06:48    NE
10   6.7  12.2   14:11   3.0   07:46  11.6   0.0   0.2   1.5  12.9   00:17     N
11   6.3  13.8   14:24   0.1   07:47  12.0   0.0   0.2   2.5  45.1   23:54     W
12   8.5  11.7   00:00   4.8   23:53   9.8   0.0   0.0   4.1  43.5   00:10   SSW
13   7.5  13.3   13:28   3.1   01:50  10.8   0.0   0.0   4.3  33.8   15:18    NE
14   7.9  13.4   14:19   3.3   07:19  10.4   0.0   0.5   2.4  32.2   22:02   SSW
15  10.8  13.3   13:46   8.8   04:49   7.5   0.0   4.3   9.9  33.8   10:07   SSW
16  11.6  13.7   10:42   9.7   23:58   6.7   0.0   4.8   5.2  30.6   12:40    NE
17   8.8  16.0   13:34   3.6   23:45   9.5   0.0   0.2   2.6  32.2   10:41     W
18   5.4  12.6   14:27   1.1   07:38  12.9   0.0   0.5   1.3  14.5   13:05   NNE
19   7.1  13.8   13:25   1.9   03:47  11.2   0.0   0.2   2.2  22.5   13:49   NNE
----------------------------------------------------------------------------------
     8.4  16.0    17     0.1     4   188.3   0.0 102.3   4.3  72.4     8     NNE

Max >=  27.0  0
Max <=   0.0  0
Min <=   0.0  0
Min <= -18.0  0
Max Rain: 61.0 on day 8
Days of Rain: 17 (>= 0.2 mm)  7 (>= 2.0 mm)  1 (>= 20.0 mm)
Heat Base: 18.3  Cool Base: 18.3  Method: Integration