NOAA-Style Climate Reports

Select a Year or Month report
2018: Jan Feb Mar Apr May Jun Jul Aug Sep Oct Nov Dec
2017: Jan Feb Mar Apr May Jun Jul Aug Sep Oct Nov Dec
2016: Jan Feb Mar Apr May Jun Jul Aug Sep Oct Nov Dec
2015: Jan Feb Mar Apr May Jun Jul Aug Sep Oct Nov Dec

Report for 2015
                   Annual Climatological Summary for 2015

Name: Picton Weather   City: Picton   State: New Zealand
Elevation: 6 m  Lat: S 41 17 34   Lon: E 173 59 57

                  Temperature (°C), Heat Base: 18.3  Cool Base: 18.3
                          Dep.  Heat  Cool                       Max  Max  Min  Min
        Mean  Mean        From  Deg   Deg                        >=   <=   <=   <=
 YR MO  Max   Min   Mean  Norm  Days  Days  Hi  Date  Low  Date 27.0  0.0  0.0 -18.0
------------------------------------------------------------------------------------
 15  1
 15  2
 15  3  21.5  11.3  15.6   0.0    46     1  25.8  10   6.8   18    0    0    0    0
 15  4  16.0   2.7   9.5   0.0    88     0  18.9  18  -1.8   11    0    0    1    0
 15  5  18.3   1.0   9.8   0.0    51     0  19.7  11  -1.8   11    0    0    2    0
 15  6  16.4   3.7   9.9   0.0   118     0  20.9  30  -1.8   11    0    0    1    0
 15  7  16.2   3.0   9.5   0.0   115     0  18.9  18  -1.8   11    0    0    3    0
 15  8  16.3   3.6   9.9   0.0   118     0  20.1  16  -1.8   11    0    0    1    0
 15  9  15.1   5.4   9.8   0.0   262     0  20.1  16   0.3   22    0    0    0    0
 15 10  20.2   7.0  13.1   0.0   132     9  27.7   6   3.6    2    1    0    0    0
 15 11  18.8   8.6  13.8   0.0   144     8  24.8  17   2.1    6    0    0    0    0
 15 12  21.3  10.3  15.8   0.0    98    22  25.4   5   5.3   17    0    0    0    0
------------------------------------------------------------------------------------
        18.0   5.7  11.6   0.0  1173    39  27.7 Oct  -1.8  Apr    0    0    1    0

                                Precipitation (mm)

              Dep.   Max        Days of Rain
              From   Obs.           >=
 YR MO Total  Norm   Day Date  0.2  2.0 20.0
---------------------------------------------
 15  3   0.0   0.0   0.0   0     0    0    0
 15  4   0.0   0.0   0.0   0     0    0    0
 15  5   0.0   0.0   0.0   0     0    0    0
 15  6   0.0   0.0   0.0   0     0    0    0
 15  7   0.0   0.0   0.0   0     0    0    0
 15  8   0.0   0.0   0.0   0     0    0    0
 15  9  30.4   0.0  10.0  23    10    5    0
 15 10  11.4   0.0   4.6  28     6    2    0
 15 11  18.4   0.0  11.0   4    10    2    0
 15 12  21.6   0.0   5.6  16    10    4    0
---------------------------------------------
        81.8   0.0  11.0  Nov   36   13    0

                                Wind Speed (km/h)
                          Dom
 YR MO   Avg.  Hi   Date  Dir
------------------------------
 15  1
 15  2
 15  3  ----  79.6   19     E
 15  4  ----  66.7   18     E
 15  5  ----  79.6   13     E
 15  6  ----  66.7   18     E
 15  7  ----  66.7   18     E
 15  8  ----  70.4   16     E
 15  9  14.0  64.8   10   ESE
 15 10   6.6  67.6    4   NNW
 15 11   8.6  85.3   27   NNE
 15 12   6.9  56.3   12   NNE
------------------------------
         9.0  85.3  Nov     W