NOAA-Style Climate Reports

Select a Year or Month report
2018: Jan Feb Mar Apr May Jun Jul Aug Sep Oct Nov Dec
2017: Jan Feb Mar Apr May Jun Jul Aug Sep Oct Nov Dec
2016: Jan Feb Mar Apr May Jun Jul Aug Sep Oct Nov Dec
2015: Jan Feb Mar Apr May Jun Jul Aug Sep Oct Nov Dec

Report for 2015 September
                   Monthly Climatological Summary for Sep 2015

Name: Picton Weather   City: Picton   State: New Zealand
Elevation: 6 m  Lat: S 41° 17' 35"   Lon: E 173° 59' 57"

                  Temperature (°C), Rain (mm), Wind Speed (km/h)

                                      Heat  Cool        Avg
    Mean                              Deg   Deg         Wind                 Dom
Day Temp  High   Time   Low    Time   Days  Days  Rain  Speed High   Time    Dir
----------------------------------------------------------------------------------
 1   8.7  10.7   17:01   6.7   03:00   9.6   0.0   0.0  11.6  61.1   05:11     S
 2  12.5  15.2   11:03  10.2   00:13   5.8   0.0   0.0  17.2  70.4   04:51     N
 3  10.7  14.7   15:32   8.9   23:52   7.6   0.0   0.0   6.3  42.6   05:45   WNW
 4   9.9  15.8   14:34   5.7   06:08   8.4   0.0   0.0  12.7  55.6   10:38     E
 5  10.8  17.0   13:57   6.4   06:01   7.5   0.0   0.0  12.1  59.3   17:07     N
 6   7.8  15.8   13:32   3.0   23:55  10.5   0.0   0.0  12.8  37.0   09:31    SE
 7   7.1  14.8   13:49   1.3   05:38  11.2   0.0   0.0   9.9  38.9   14:47    NE
 8   8.7  15.2   12:44   2.9   06:35   9.6   0.0   0.0  10.7  31.5   16:43    NE
 9  11.1  16.5   14:43   3.7   03:21   7.2   0.0   0.0  16.9  64.8   17:01     N
10  11.5  12.7   00:03   6.3   23:58   6.8   0.0   0.0  15.3  64.8   08:37   NNW
11   8.3  14.9   11:16   3.7   07:09  10.0   0.0   0.0  10.2  35.2   14:19     E
13   9.1  17.5   13:03   2.4   05:54   9.2   0.0   0.0  13.1  79.6   13:24   ESE
14  10.3  14.4   15:40   7.8   07:04   8.0   0.0   0.0  10.3  37.0   01:35     N
15  11.5  18.2   15:15   6.1   07:02   6.8   0.0   0.0   8.6  48.2   23:27     N
16  14.3  20.1   11:01   8.9   05:35   4.0   0.0   0.0  16.9  53.7   10:45     N
17  13.7  17.3   11:25   7.9   03:44   4.6   0.0   0.0  17.7  57.4   11:30     N
18  14.2  18.9   13:51   8.8   22:38   4.1   0.0   0.0  13.4  53.7   12:53     N
19   9.4  11.3   15:04   6.5   23:55   8.9   0.0   0.0  14.3  88.9   15:25    SE
20   9.7  14.5   12:34   5.4   03:56   8.6   0.0   0.0  14.6  88.9   11:35   SSE
21   5.8  10.3   14:50   0.5   23:40  12.5   0.0   0.0  12.6  17.7   12:30   SSW
22  11.5  15.9   13:22   8.5   03:13   6.8   0.0   0.0   9.1  87.0   02:04     S
23  11.3  12.3   21:51  10.6   00:05   7.0   0.0   0.0  12.7  79.6   23:52     S
24   9.4  14.3   15:30   7.4   20:30   8.9   0.0   0.6  18.6  20.9   05:00   ENE
25   8.9  15.1   14:20   3.1   06:50   9.4   0.0   0.0  11.4  17.7   10:00   ENE
26   8.4  12.8   16:10   4.8   06:40   9.9   0.0   0.4  16.1  27.4   15:40     S
27  10.0  16.6   15:25   5.5   23:55   8.3   0.0   0.0   9.3  38.9   06:11     S
28  10.1  18.1   14:10   2.9   07:03   8.2   0.0   0.0   7.9  35.2   13:54     N
29  10.8  16.4   16:37   5.3   06:34   7.5   0.0   0.0   7.9  38.9   12:10    SE
30  12.7  17.3   13:30  10.1   23:09   5.6   0.0   0.0   8.0  57.4   13:51   NNE
----------------------------------------------------------------------------------
    10.3  20.1    16     0.5    21   232.5   0.0   1.0  12.4  88.9    19     ENE

Max >=  27.0:  0
Max <=   0.0:  0
Min <=   0.0:  0
Min <= -18.0:  0
Max Rain: 0.6 on day 24
Days of Rain: 2 (>= 0.2 mm)  0 (>= 2.0 mm)  0 (>= 20.0 mm)
Heat Base: 18.3  Cool Base: 18.3  Method: Integration