NOAA-Style Climate Reports

Select a Year or Month report
2018: Jan Feb Mar Apr May Jun Jul Aug Sep Oct Nov Dec
2017: Jan Feb Mar Apr May Jun Jul Aug Sep Oct Nov Dec
2016: Jan Feb Mar Apr May Jun Jul Aug Sep Oct Nov Dec
2015: Jan Feb Mar Apr May Jun Jul Aug Sep Oct Nov Dec

Report for 2015 October
                   Monthly Climatological Summary for Oct 2015

Name: Picton Weather   City: Picton   State: New Zealand
Elevation: 6 m  Lat: S 41 17 35   Lon: E 173 59 58

                  Temperature (°C), Rain (mm), Wind Speed (km/h)

                                      Heat  Cool        Avg
    Mean                              Deg   Deg         Wind                 Dom
Day Temp  High   Time   Low    Time   Days  Days  Rain  Speed High   Time    Dir
----------------------------------------------------------------------------------
01  14.0  24.4   14:10   5.4   04:10   5.3   1.0   0.0   7.0  35.4   15:20    NW
02  13.1  24.1   15:00   3.6   06:00   6.0   0.7   0.0   7.1  41.8   12:10   WNW
03  11.6  16.8   13:40   5.6   06:50   6.7   0.0   0.0   6.2  29.0   14:50   ENE
04  15.6  24.6   16:10   6.6   02:50   4.0   1.4   0.0  11.2  67.6   16:40   WNW
05  11.8  18.5   13:20   8.9   23:57   6.0   0.0   0.0  13.1  62.8   06:09   SSE
06  14.5  27.7   15:05   4.5   07:14   5.5   1.7   0.0   3.3  25.7   16:03   ENE
18  16.9  23.4   10:00  11.1   00:30  17.5   0.8   0.2   0.0  22.5   09:50   NNE
19  13.8  22.3   11:50   6.2   00:00   4.7   0.2   0.0   0.0   0.0   00:00     N
20  12.9  21.1   14:59   4.0   05:20   5.9   0.6   0.0   3.0  22.5   16:31   NNW
21  14.9  26.3   11:11   6.4   06:49   4.2   0.9   0.0   8.9  56.3   13:52     N
22  13.8  16.8   00:00  11.0   22:25   4.5   0.0   4.0   7.3  45.1   02:40     S
23  12.0  15.1   10:18   9.8   06:39   6.3   0.0   0.8   5.0  29.0   12:48     N
24  13.4  19.1   12:24   6.9   06:09   4.9   0.0   0.0   5.3  24.1   10:58    NW
25  12.3  20.8   13:57   5.8   06:23   6.1   0.2   0.0   5.8  38.6   16:36    SE
26  13.0  19.8   15:05   5.4   06:55   5.4   0.1   0.0   6.9  35.4   11:31     N
27  11.2  17.3   08:12   8.8   02:00   7.1   0.0   0.0   6.7  41.8   08:34    SE
28  12.0  14.9   17:21   9.3   06:30   6.3   0.0   4.6   6.5  30.6   15:40     N
29  11.3  14.5   00:00   8.1   22:38   6.9   0.0   1.6   6.4  49.9   21:27     S
30  10.0  14.2   11:44   6.7   06:08   8.3   0.0   0.0   7.3  48.3   00:12   SSE
31  12.2  18.4   16:36   6.7   07:14   6.1   0.0   0.2   5.8  27.4   09:35     N
----------------------------------------------------------------------------------
    13.0  27.7     6     3.6     2   127.7   7.6  11.4   6.7  67.6     4       N

Max >=  27.0  1
Max <=   0.0  0
Min <=   0.0  0
Min <= -18.0  0
Max Rain: 4.6 on day 28
Days of Rain: 6 (>= 0.2 mm)  2 (>= 2.0 mm)  0 (>= 20.0 mm)
Heat Base: 18.3  Cool Base: 18.3  Method: Integration