NOAA-Style Climate Reports

Select a Year or Month report
2018: Jan Feb Mar Apr May Jun Jul Aug Sep Oct Nov Dec
2017: Jan Feb Mar Apr May Jun Jul Aug Sep Oct Nov Dec
2016: Jan Feb Mar Apr May Jun Jul Aug Sep Oct Nov Dec
2015: Jan Feb Mar Apr May Jun Jul Aug Sep Oct Nov Dec

Report for 2015 November
                   Monthly Climatological Summary for Nov 2015

Name: Picton Weather   City: Picton   State: New Zealand
Elevation: 6 m  Lat: S 41 17 35   Lon: E 173 59 58

                  Temperature (°C), Rain (mm), Wind Speed (km/h)

                                      Heat  Cool        Avg
    Mean                              Deg   Deg         Wind                 Dom
Day Temp  High   Time   Low    Time   Days  Days  Rain  Speed High   Time    Dir
----------------------------------------------------------------------------------
01  13.7  17.5   16:15  10.9   02:15   4.6   0.0   0.0   7.2  37.0   01:52     N
02  14.0  18.9   15:51   8.3   03:11   4.3   0.0   0.0  10.8  33.8   12:55     N
03  13.5  16.6   10:43   9.3   02:02   4.8   0.0   0.6   9.1  43.5   09:07     N
04   8.9  11.7   00:00   7.7   09:51   9.4   0.0  11.0  13.0  56.3   03:30   SSE
05  10.3  16.1   16:20   5.0   23:58   8.0   0.0   0.4   8.3  51.5   01:14   SSE
06  10.9  19.1   15:38   2.1   05:00   7.4   0.0   0.0   4.6  19.3   12:27     N
07  13.5  22.2   14:32   4.4   05:47   5.4   0.7   0.0   6.6  30.6   14:52     N
08  14.1  18.3   14:30   8.0   04:53   4.2   0.0   0.0   8.6  35.4   13:45     N
09  16.0  22.1   16:56  11.9   23:57   2.6   0.3   0.0   4.2  27.4   15:09    NE
10  15.0  20.8   14:04   8.0   04:59   3.7   0.4   0.0   7.5  38.6   16:13     N
11  12.3  15.8   08:45   8.8   23:51   6.0   0.0   0.6   6.6  40.2   18:11   SSE
12  10.1  13.6   13:11   8.1   04:15   8.2   0.0   0.6   8.6  59.5   15:23    SE
13   9.6  14.3   10:09   4.7   23:58   8.7   0.0   0.0   5.5  29.0   00:20    SE
14  11.3  15.4   13:25   4.3   00:37   7.0   0.0   0.0   9.9  56.3   22:43   NNW
15  12.4  18.6   10:50   7.5   23:37   5.9   0.0   0.4   8.6  41.8   14:53   ESE
16  12.2  17.3   14:13   7.6   00:00   6.1   0.0   0.0   6.6  22.5   00:17     N
17  13.9  24.8   15:42   5.8   05:54   5.5   1.1   0.2   6.4  49.9   17:32     E
18  10.3  13.1   11:43   8.4   21:06   8.0   0.0   0.4   5.9  40.2   23:37   SSE
19  13.1  17.7   17:25   8.6   06:10   5.2   0.0   0.0   8.7  35.4   00:17     N
20  15.7  18.7   15:25  12.8   23:58   2.6   0.0   1.4  16.0  69.2   11:27     N
21  15.1  18.2   16:22  11.8   01:59   3.2   0.0   0.0   7.3  38.6   04:31    NW
22  14.7  23.2   12:07   8.2   05:38   4.3   0.7   0.0   6.8  46.7   14:50    SE
23  14.4  21.5   11:59   5.7   05:21   4.5   0.6   0.0   8.6  49.9   12:51     N
24  16.8  20.2   14:44  11.4   23:59   1.9   0.3   0.0  12.9  48.3   12:11     N
25  17.2  22.2   11:15  10.9   00:35   2.0   0.9   0.0  10.7  43.5   16:34     N
26  17.7  21.4   14:01  12.6   04:19   1.3   0.7   0.0  12.2  45.1   21:51     N
27  18.6  20.5   10:52  15.5   23:55   0.2   0.5   2.8  17.5  85.3   10:20     N
----------------------------------------------------------------------------------
    13.5  24.8    17     2.1     6   135.0   6.2  18.4   8.8  85.3    27     NNE

Max >=  27.0  0
Max <=   0.0  0
Min <=   0.0  0
Min <= -18.0  0
Max Rain: 11.0 on day 4
Days of Rain: 10 (>= 0.2 mm)  2 (>= 2.0 mm)  0 (>= 20.0 mm)
Heat Base: 18.3  Cool Base: 18.3  Method: Integration