NOAA-Style Climate Reports

Select a Year or Month report
2018: Jan Feb Mar Apr May Jun Jul Aug Sep Oct Nov Dec
2017: Jan Feb Mar Apr May Jun Jul Aug Sep Oct Nov Dec
2016: Jan Feb Mar Apr May Jun Jul Aug Sep Oct Nov Dec
2015: Jan Feb Mar Apr May Jun Jul Aug Sep Oct Nov Dec

Report for 2015 December
                   Monthly Climatological Summary for Dec 2015

Name: Picton Weather   City: Picton   State: New Zealand
Elevation: 6 m  Lat: S 41 17 34   Lon: E 173 59 57

                  Temperature (°C), Rain (mm), Wind Speed (km/h)

                                      Heat  Cool        Avg
    Mean                              Deg   Deg         Wind                 Dom
Day Temp  High   Time   Low    Time   Days  Days  Rain  Speed High   Time    Dir
----------------------------------------------------------------------------------
01  16.3  18.7   16:31  12.2   01:08   2.0   0.0   3.6   4.5  24.1   17:30     N
02  18.5  19.8   15:22  17.3   00:00   0.2   0.4   1.4   9.2  32.2   23:22     N
03  19.4  21.4   10:52  17.6   22:01   0.1   1.2   0.0  13.9  49.9   12:46     N
04  18.2  23.2   15:18  12.5   23:58   1.3   1.2   0.0   6.8  24.1   15:48   NNW
05  18.4  25.4   15:42  10.3   06:22   2.2   2.4   0.0   7.3  43.5   13:28   NNW
06  12.6  19.3   00:02   9.2   21:55   5.7   0.0   3.2   5.5  33.8   05:39   SSE
07  13.6  21.3   17:03   6.4   05:30   4.9   0.2   0.0   6.4  51.5   12:40     N
08  14.7  20.0   15:35   9.4   04:07   3.7   0.2   0.0   6.9  29.0   16:48     N
09  14.2  17.3   17:23  10.1   23:59   4.1   0.0   0.0   6.1  24.1   19:45     N
10  16.8  23.7   16:38   8.6   03:50   3.0   1.5   0.0   6.6  29.0   15:19     N
11  16.1  20.3   14:16  11.6   05:15   2.3   0.2   0.4   4.9  37.0   12:18     N
12  17.4  20.7   13:18  13.7   05:42   1.5   0.6   5.4  10.6  56.3   22:48     N
13  17.1  20.1   11:23  10.2   23:59   1.4   0.2   0.0   8.7  53.1   11:49     N
14  15.1  21.3   16:46   7.2   06:30   3.8   0.6   0.0   7.5  25.7   04:30     N
15  16.8  23.3   17:47   7.6   05:51   3.1   1.7   0.0   7.0  29.0   16:29     N
16  12.3  18.7   00:17   8.0   23:59   6.0   0.0   5.6   6.6  32.2   18:11   SSE
17  11.2  16.2   10:23   5.3   05:44   7.1   0.0   0.2   6.1  40.2   15:27   ESE
18  13.2  18.4   16:39   9.5   05:10   5.1   0.0   0.4   4.7  24.1   15:33   NNW
19  13.3  18.2   09:20   7.8   06:18   5.0   0.0   0.0   6.3  43.5   11:52    SE
20  17.1  22.6   15:04  14.5   23:03   2.1   0.9   0.0   7.1  22.5   13:02    NE
21  18.2  24.8   14:52  12.7   05:55   1.8   1.8   0.0   5.6  25.7   11:14    NW
22  16.0  22.2   12:06  10.5   22:54   3.2   1.0   0.8   7.5  54.7   22:36    SE
23  13.2  18.3   14:52   7.4   05:52   5.1   0.0   0.0   7.1  33.8   17:13    SE
24  14.6  21.8   12:52   5.9   06:03   4.5   0.9   0.0   7.0  32.2   12:59     N
25  17.1  23.8   17:56  10.2   00:46   2.6   1.4   0.0   6.0  25.7   17:44     N
26  17.3  25.1   14:06  10.1   06:02   2.6   1.6   0.0   5.6  24.1   14:28   ESE
27  17.9  24.3   15:23  12.9   23:55   1.9   1.4   0.0   5.7  24.1   09:46   WSW
28  17.2  25.1   14:17  10.3   05:39   2.8   1.8   0.0   6.7  29.0   15:48     W
29  15.6  21.4   15:57  10.5   05:55   3.0   0.3   0.0   7.1  30.6   11:41    SE
30  14.9  20.2   15:53   8.5   06:04   3.7   0.3   0.0   5.3  41.8   21:24   NNE
31  16.4  22.6   17:14  12.7   03:17   2.3   0.5   0.6   8.9  43.5   09:38    SE
----------------------------------------------------------------------------------
    15.8  25.4     5     5.3    17    98.1  22.3  21.6   6.9  56.3    12     NNE

Max >=  27.0  0
Max <=   0.0  0
Min <=   0.0  0
Min <= -18.0  0
Max Rain: 5.6 on day 16
Days of Rain: 10 (>= 0.2 mm)  4 (>= 2.0 mm)  0 (>= 20.0 mm)
Heat Base: 18.3  Cool Base: 18.3  Method: Integration