NOAA-Style Climate Reports

Select a Year or Month report
2018: Jan Feb Mar Apr May Jun Jul Aug Sep Oct Nov Dec
2017: Jan Feb Mar Apr May Jun Jul Aug Sep Oct Nov Dec
2016: Jan Feb Mar Apr May Jun Jul Aug Sep Oct Nov Dec
2015: Jan Feb Mar Apr May Jun Jul Aug Sep Oct Nov Dec

Report for 2016
                   Annual Climatological Summary for 2016

Name: Picton Weather   City: Picton   State: New Zealand
Elevation: 6 m  Lat: S 41 17 34   Lon: E 173 59 57

                  Temperature (°C), Heat Base: 18.3  Cool Base: 18.3
                          Dep.  Heat  Cool                       Max  Max  Min  Min
        Mean  Mean        From  Deg   Deg                        >=   <=   <=   <=
 YR MO  Max   Min   Mean  Norm  Days  Days  Hi  Date  Low  Date 25.0 10.0  0.0  -5.0
------------------------------------------------------------------------------------
 16  1  22.9  13.9  18.2   0.2    49    45  29.3  23   5.1    5    8    0    0    0
 16  2  25.1  14.3  19.6   1.6    32    68  28.8  25  11.2   12   16    0    0    0
 16  3  21.8  11.9  16.7  -0.3    82    32  26.2   6   7.4   31    5    0    0    0
 16  4  19.5   8.1  13.5  -1.5   150     7  23.1   3   3.7   16    0    0    0    0
 16  5  17.6   7.8  12.8  -0.2   175     5  22.1   3   1.3   23    0    0    0    0
 16  6  15.1   4.2   9.2  -1.8   200     0  19.1  10  -0.5    4    0    0    2    0
 16  7  13.4   4.1   8.9  -1.1   196     0  16.8  17   0.4   11    0    0    0    0
 16  8	08.0   			 	    17.8      -1.9	
 16  9	11.3				    19.8       0.3 
 16 10	12.9				    23.4       2.0
 16 11	14.8				    25.8       3.4
 16 12	15.6				    24.2       5.7
------------------------------------------------------------------------------------
        19.3   9.2  14.1  -0.5   883   156  29.3 Jan  -0.5  Jun   29    0    2    0

                                Precipitation (mm)

              Dep.   Max        Days of Rain
              From   Obs.           >=
 YR MO Total  Norm   Day Date  0.2  2.0 20.0
---------------------------------------------
 16  1  88.2  23.2  23.6   8     7    7    3
 16  2  48.8   0.8  22.6  17     4    3    1
 16  3  51.4 -23.6  38.6  24     7    3    1
 16  4  29.4 -53.6  17.2   2    16    3    0
 16  5 164.8  65.8  26.8  28    24   15    2
 16  6  79.6 -35.4  33.4  22    17    5    1
 16  7 135.0  23.0  58.4  10    12    6    2
 16  8  68.2
 16  9  59.4
 16 10  77.0
 16 11 159.6
 16 12  31.2
---------------------------------------------
       992.6   0.2  58.4  Jul   87   42   10

                                Wind Speed (km/h)
                          Dom
 YR MO   Avg.  Hi   Date  Dir
------------------------------
 16  1   8.1  62.8    8     N
 16  2   7.2  67.6    9     N
 16  3   7.0  66.0   24   ENE
 16  4   5.3  48.3    8    NE
 16  5   5.9  72.4   12   NNE
 16  6   4.5  64.0   10    NE
 16  7   5.6  93.0    8    SW
 16  8
 16  9
 16 10
 16 11
 16 12
------------------------------
         6.2  93.0  Jul   NNE