NOAA-Style Climate Reports

Select a Year or Month report
2018: Jan Feb Mar Apr May Jun Jul Aug Sep Oct Nov Dec
2017: Jan Feb Mar Apr May Jun Jul Aug Sep Oct Nov Dec
2016: Jan Feb Mar Apr May Jun Jul Aug Sep Oct Nov Dec
2015: Jan Feb Mar Apr May Jun Jul Aug Sep Oct Nov Dec

Report for 2016 January
                   Monthly Climatological Summary for Jan 2016

Name: Picton Weather   City: Picton   State: New Zealand
Elevation: 6 m  Lat: S 41 17 34   Lon: E 173 59 57

                  Temperature (°C), Rain (mm), Wind Speed (km/h)

                                      Heat  Cool        Avg
    Mean                              Deg   Deg         Wind                 Dom
Day Temp  High   Time   Low    Time   Days  Days  Rain  Speed High   Time    Dir
----------------------------------------------------------------------------------
01  18.8  27.8   16:26   8.6   05:27   2.8   3.3   0.0   4.3  22.5   00:01   NNW
02  18.1  19.1   00:00  17.1   10:09   0.3   0.1   9.6   3.5  17.7   21:21     N
03  16.7  20.4   09:56  12.7   23:58   1.8   0.2  22.2   7.0  43.5   22:53    SE
04  13.4  17.7   11:53   9.8   03:03   4.9   0.0   2.0   9.3  48.3   15:18   SSE
05  13.7  22.6   14:51   5.1   05:43   5.2   0.6   0.0   5.4  37.0   15:50   ENE
06  16.4  22.4   17:03  11.3   05:11   2.9   1.0   0.0   6.7  24.1   18:46   NNW
07  17.0  22.1   13:12   9.5   02:31   2.3   1.0   0.0  11.0  41.8   14:10     N
08  20.3  24.2   16:20  16.3   02:29   0.3   2.3  23.6  15.2  62.8   12:20     N
09  21.3  26.6   13:49  17.0   05:39   0.2   3.2   0.0  10.6  46.7   04:21    NW
10  17.1  26.3   12:16  12.8   18:28   2.2   1.0   0.0   9.8  51.5   08:37   SSE
11  16.7  21.4   18:11  12.3   03:56   2.2   0.7   0.0   7.4  25.7   10:40     N
12  18.0  21.7   17:29  13.7   02:36   1.1   0.8   0.0  11.2  40.2   09:34     N
13  15.1  22.3   08:48  12.0   03:10   3.5   0.3   0.0   7.3  45.1   20:55   SSE
14  17.1  22.6   15:11  11.0   07:22   2.4   1.2   0.0   9.7  41.8   19:49   NNE
15  19.7  22.1   17:06  17.2   00:31   0.2   1.5   0.0  15.6  53.1   10:06     N
16  19.8  22.8   13:03  15.3   23:00   0.4   1.9   0.0   8.9  33.8   13:20     N
17  18.3  26.2   16:00  13.4   03:17   1.4   1.5   0.0   6.3  46.7   17:56     E
18  17.7  21.6   13:39  16.2   05:20   0.9   0.3  21.0   7.2  33.8   06:32   SSE
19  17.9  20.6   16:02  15.8   23:54   0.8   0.4   4.8   5.7  27.4   14:18     N
20  19.7  23.3   15:49  15.8   00:01   0.5   2.0   0.0   9.9  38.6   14:57     N
21  19.3  24.2   14:54  13.8   06:00   0.8   1.8   0.0   6.9  29.0   13:05     N
22  20.7  25.0   15:16  16.8   06:02   0.3   2.7   0.0   8.9  38.6   10:00     N
23  22.7  29.3   15:39  14.5   03:38   0.6   4.9   0.0   7.0  35.4   06:05     N
24  20.2  23.1   12:44  15.4   06:26   0.3   2.2   0.0   7.2  29.0   15:02     N
25  22.6  26.1   12:24  19.5   06:50   0.0   4.3   0.0  10.0  41.8   15:52     N
26  22.3  26.4   14:55  16.8   04:14   0.1   4.1   0.0   8.7  38.6   11:53     N
27  17.8  20.9   11:48  15.2   23:54   0.9   0.4   0.0   8.5  56.3   19:41   SSE
28  15.9  18.4   17:46  14.8   00:56   2.4   0.0   5.0   5.7  38.6   01:36    SE
29  16.5  20.3   18:51  15.0   07:34   2.1   0.3   0.0   4.5  24.1   20:19    NW
30  15.7  19.7   12:00  14.1   05:00   2.6   0.0   0.0   6.4  32.2   21:32    SE
31  16.2  21.6   14:07  13.6   06:30   2.7   0.6   0.0   5.7  27.4   15:54     S
----------------------------------------------------------------------------------
    18.2  29.3    23     5.1     5    49.1  44.6  88.2   8.1  62.8     8       N

Max >=  27.0  2
Max <=   0.0  0
Min <=   0.0  0
Min <= -18.0  0
Max Rain: 23.6 on day 8
Days of Rain: 7 (>= 0.2 mm)  7 (>= 2.0 mm)  3 (>= 20.0 mm)
Heat Base: 18.3  Cool Base: 18.3  Method: Integration