NOAA-Style Climate Reports

Select a Year or Month report
2018: Jan Feb Mar Apr May Jun Jul Aug Sep Oct Nov Dec
2017: Jan Feb Mar Apr May Jun Jul Aug Sep Oct Nov Dec
2016: Jan Feb Mar Apr May Jun Jul Aug Sep Oct Nov Dec
2015: Jan Feb Mar Apr May Jun Jul Aug Sep Oct Nov Dec

Report for 2016 February
                   Monthly Climatological Summary for Feb 2016

Name: Picton Weather   City: Picton   State: New Zealand
Elevation: 6 m  Lat: S 41 17 34   Lon: E 173 59 57

                  Temperature (°C), Rain (mm), Wind Speed (km/h)

                                      Heat  Cool        Avg
    Mean                              Deg   Deg         Wind                 Dom
Day Temp  High   Time   Low    Time   Days  Days  Rain  Speed High   Time    Dir
----------------------------------------------------------------------------------
01  18.8  26.3   16:55  11.3   07:22   2.1   2.6   0.0   7.0  30.6   15:18   NNE
02  20.2  28.1   15:33  12.8   06:02   1.5   3.4   0.0   5.4  25.7   17:36    NW
03  21.7  28.2   15:31  18.0   06:17   0.0   3.4   0.0   4.7  19.3   13:25     N
04  20.7  24.8   13:07  16.1   04:09   0.5   2.9   0.0   9.6  43.5   13:40     N
05  20.0  25.8   15:11  14.3   06:12   0.8   2.6   0.0   5.8  30.6   18:04    NE
06  18.3  24.0   11:29  15.0   05:35   1.0   1.0   0.0   7.7  41.8   16:54   ESE
07  18.3  23.1   12:52  15.9   23:55   1.0   1.0   0.0   6.2  25.7   16:36    SE
08  18.1  22.1   18:11  14.6   23:55   1.1   0.9   0.0   6.0  27.4   15:09   SSE
09  19.5  26.4   16:52  13.0   04:04   1.5   2.7   0.0   6.6  67.6   22:48     N
10  20.1  25.3   17:44  14.4   07:02   0.6   2.4   0.0   7.7  43.5   00:24   NNW
11  19.5  27.1   16:04  12.8   07:27   1.7   2.9   0.0   5.2  20.9   15:09     N
12  17.8  24.8   17:04  11.2   06:41   2.5   2.0   0.0   4.3  19.3   13:40    NW
13  18.0  25.1   12:31  11.2   04:32   2.2   1.9   0.0   4.8  20.9   12:55   NNW
14  18.8  26.2   16:05  11.7   07:03   2.2   2.7   0.0   5.9  25.7   16:21     N
15  20.0  25.1   16:26  13.4   06:33   1.4   3.0   0.0   9.3  45.1   18:42     N
16  20.4  23.1   17:13  16.2   04:08   0.3   2.5   1.0   7.7  38.6   16:25     N
17  20.1  22.6   00:35  17.9   13:16   0.0   1.8  22.6  15.2  54.7   16:58   NNW
18  20.2  23.3   15:11  17.9   06:18   0.0   1.9  19.2  15.5  59.5   14:30     N
19  19.5  23.3   16:16  15.7   07:24   0.4   1.6   6.0   9.0  40.2   13:00     N
20  19.2  25.7   16:55  11.9   06:04   1.9   2.8   0.0   7.2  35.4   16:26     N
21  19.1  25.5   15:31  13.3   05:03   1.2   2.0   0.0   5.5  25.7   07:18   SSE
22  19.2  24.3   12:53  14.6   23:55   0.7   1.6   0.0   5.9  22.5   01:17   SSW
23  18.2  22.8   15:04  13.5   03:09   1.5   1.4   0.0   4.4  24.1   09:37     N
24  19.7  25.4   14:41  13.6   04:15   1.3   2.7   0.0   6.3  32.2   23:52   NNE
25  23.5  28.8   17:48  15.9   07:51   0.1   5.3   0.0   6.8  37.0   01:33     N
26  21.0  25.3   12:16  16.1   04:52   0.5   3.1   0.0   7.1  30.6   15:31   NNW
27  20.6  23.8   15:44  15.6   06:23   0.3   2.7   0.0   7.5  33.8   11:51     N
28  20.9  27.1   14:21  13.7   07:29   0.6   3.2   0.0   7.2  32.2   14:57     N
29  15.8  23.2   10:49  12.3   23:34   2.8   0.3   0.0   6.6  48.3   11:17    SE
----------------------------------------------------------------------------------
    19.6  28.8    25    11.2    12    31.7  68.3  48.8   7.2  67.6     9       N

Max >=  27.0  5
Max <=   0.0  0
Min <=   0.0  0
Min <= -18.0  0
Max Rain: 22.6 on day 17
Days of Rain: 4 (>= 0.2 mm)  3 (>= 2.0 mm)  1 (>= 20.0 mm)
Heat Base: 18.3  Cool Base: 18.3  Method: Integration