NOAA-Style Climate Reports

Select a Year or Month report
2018: Jan Feb Mar Apr May Jun Jul Aug Sep Oct Nov Dec
2017: Jan Feb Mar Apr May Jun Jul Aug Sep Oct Nov Dec
2016: Jan Feb Mar Apr May Jun Jul Aug Sep Oct Nov Dec
2015: Jan Feb Mar Apr May Jun Jul Aug Sep Oct Nov Dec

Report for 2016 March
                   Monthly Climatological Summary for Mar 2016

Name: Picton Weather   City: Picton   State: New Zealand
Elevation: 6 m  Lat: S 41 17 34   Lon: E 173 59 57

                  Temperature (°C), Rain (mm), Wind Speed (km/h)

                                      Heat  Cool        Avg
    Mean                              Deg   Deg         Wind                 Dom
Day Temp  High   Time   Low    Time   Days  Days  Rain  Speed High   Time    Dir
----------------------------------------------------------------------------------
01  14.2  18.2   15:06  12.4   00:00   4.1   0.0   0.0   7.7  33.8   21:57    SE
02  14.8  18.5   14:33  13.1   06:18   3.5   0.0   0.0   5.8  29.0   03:25    SE
03  16.1  22.3   15:25   7.7   07:04   3.2   0.9   0.0   6.6  30.6   14:55   NNE
04  17.4  24.2   15:39  11.7   07:38   2.3   1.4   0.0   4.3  20.9   14:53   NNW
05  18.5  25.4   16:50  11.3   07:24   2.2   2.5   0.0   4.9  25.7   21:02   NNE
06  19.0  26.2   14:51  12.8   07:21   1.6   2.2   0.0   4.6  19.3   15:34   NNW
07  18.2  25.0   12:09  12.8   07:22   1.7   1.5   0.0   3.5  22.5   14:17    NW
08  18.9  23.5   07:12  14.1   22:20   1.2   1.8   0.0   7.1  43.5   17:46   SSE
09  16.5  20.8   16:22  13.1   04:19   2.2   0.4   0.2   6.9  22.5   06:27    SW
10  17.7  20.9   11:38  11.1   07:20   2.0   1.4   0.0  11.2  46.7   10:49   NNE
11  16.8  20.8   00:00  12.6   23:55   2.5   0.9   0.0  13.8  51.5   15:21     E
12  13.9  18.1   16:31  10.1   23:56   4.3   0.0   0.0   7.7  38.6   02:59    SW
13  15.6  22.9   16:10   8.7   03:03   3.7   1.0   0.0   5.1  20.9   13:47   NNE
14  18.2  23.7   14:52  13.1   00:24   1.6   1.4   0.0   6.0  33.8   15:42    NE
15  18.6  25.2   15:27  14.2   07:00   1.5   1.7   0.0   6.6  53.1   18:26   ESE
16  12.8  15.9   00:06  11.1   23:28   5.5   0.0   6.8  14.0  51.5   05:14   SSW
17  12.6  15.2   14:20  10.1   02:01   5.7   0.0   0.6   9.3  30.6   00:39    SW
18  16.2  21.1   17:45  10.4   07:53   2.7   0.6   0.0   6.3  22.5   02:00   ENE
19  19.8  23.3   14:47  15.7   23:58   0.4   1.9   0.2   7.4  35.4   16:56    NE
20  20.0  23.7   13:29  15.5   00:24   0.5   2.1   0.0   8.5  51.5   17:43    NE
21  20.1  24.7   15:12  15.2   23:56   0.4   2.3   0.0   7.2  32.2   17:53    NE
22  18.7  25.1   14:25  13.2   07:32   1.8   2.2   0.0   5.8  29.0   13:40    NE
23  16.9  20.9   15:58  12.8   07:01   1.8   0.4   4.8   1.6  16.1   23:47   NNE
24  20.1  24.1   13:18  17.3   04:16   0.2   2.0  38.6  10.5  66.0   23:29   NNE
25  15.5  17.8   13:01  13.8   23:53   2.8   0.0   0.0  12.1  64.4   00:21    SE
26  15.5  22.4   14:52  10.8   23:54   3.3   0.4   0.0   6.5  25.7   14:27     S
27  15.9  23.8   15:12   8.2   06:32   3.9   1.5   0.2   6.0  32.2   15:13   NNE
28  15.4  20.8   13:28   9.4   06:57   3.3   0.4   0.0   4.7  22.5   14:53   WNW
29  16.0  22.6   16:47   9.9   06:02   3.2   0.9   0.0   4.1  32.2   15:30   NNE
30  13.9  19.0   12:40   8.1   04:11   4.4   0.0   0.0   6.2  30.6   10:09   SSE
31  14.4  20.6   14:49   7.4   07:47   4.3   0.3   0.0   4.5  25.7   14:37    NE
----------------------------------------------------------------------------------
    16.7  26.2     6     7.4    31    81.8  32.1  51.4   7.0  66.0    24     ENE

Max >=  25.0  5
Max <=  10.0  0
Min <=   0.0  0
Min <=  -5.0  0
Max Rain: 38.6 on day 24
Days of Rain: 7 (>= 0.2 mm)  3 (>= 2.0 mm)  1 (>= 20.0 mm)
Heat Base: 18.3  Cool Base: 18.3  Method: Integration