NOAA-Style Climate Reports

Select a Year or Month report
2018: Jan Feb Mar Apr May Jun Jul Aug Sep Oct Nov Dec
2017: Jan Feb Mar Apr May Jun Jul Aug Sep Oct Nov Dec
2016: Jan Feb Mar Apr May Jun Jul Aug Sep Oct Nov Dec
2015: Jan Feb Mar Apr May Jun Jul Aug Sep Oct Nov Dec

Report for 2016 April
                   Monthly Climatological Summary for Apr 2016

Name: Picton Weather   City: Picton   State: New Zealand
Elevation: 6 m  Lat: S 41 17 35   Lon: E 173 59 59

                  Temperature (°C), Rain (mm), Wind Speed (km/h)

                                      Heat  Cool        Avg
    Mean                              Deg   Deg         Wind                 Dom
Day Temp  High   Time   Low    Time   Days  Days  Rain  Speed High   Time    Dir
----------------------------------------------------------------------------------
01  16.5  21.8   12:45  13.5   03:11   2.3   0.5   2.2   3.3  22.5   11:42     N
02  16.0  18.3   13:07  14.3   02:59   2.2   0.0  17.2   2.1  17.7   09:50     S
03  18.8  23.1   14:15  15.2   21:56   0.9   1.3   0.0   6.1  35.4   14:10   NNE
04  14.2  16.2   14:44  12.5   22:23   4.1   0.0   0.2   7.0  41.8   05:57     S
05  12.7  19.2   14:07   7.4   22:46   5.6   0.0   0.0   4.2  22.5   15:08   SSE
06  12.2  19.3   14:36   5.0   06:09   6.2   0.1   0.0   4.1  22.5   15:15   NNE
07  16.4  22.1   14:41   9.3   05:38   2.8   0.9   0.4  10.1  41.8   16:27   NNE
08  15.8  20.5   09:36  12.6   23:50   2.6   0.2   0.8   8.4  48.3   03:19   ESE
09  13.9  20.1   13:41   9.6   23:43   4.5   0.1   0.0   6.5  24.1   08:58   SSW
10  12.3  20.4   15:28   6.5   05:38   6.3   0.3   0.0   2.8  19.3   13:49     N
11  15.0  20.2   11:32   7.9   03:41   3.5   0.2   0.4   9.3  43.5   14:25   NNE
12  16.9  21.5   13:09  12.1   06:42   2.1   0.7   0.0   7.1  38.6   12:44    NE
13  12.1  16.6   09:45   6.1   23:57   6.2   0.0   0.0   6.3  27.4   16:09   SSE
14  10.5  20.0   14:20   4.3   05:56   7.8   0.1   0.0   3.6  22.5   11:56   NNE
15  10.4  18.5   12:47   4.1   05:13   7.8   0.0   0.4   3.7  32.2   12:37   SSE
16  13.1  20.7   13:22   3.7   06:34   5.5   0.3   0.0   7.3  37.0   23:03   NNE
17  15.6  21.1   13:22   9.7   22:01   3.1   0.4   0.0   7.0  35.4   12:09   NNE
18  12.5  15.4   14:59   8.9   03:24   5.8   0.0   0.2   4.5  33.8   10:29     S
19  12.0  18.7   13:53   5.5   07:15   6.3   0.0   0.0   4.0  22.5   14:26   NNE
20  12.4  21.0   13:55   6.5   23:58   6.0   0.2   0.4   3.4  19.3   16:06   WSW
21  10.5  19.2   12:05   3.8   06:55   7.8   0.0   0.2   2.9  22.5   11:23     S
22  13.6  20.5   14:09   5.6   04:57   4.9   0.2   0.2   7.8  43.5   15:32   NNE
23  17.2  20.0   13:46  15.3   05:56   1.2   0.2   6.0  12.2  45.1   14:12   NNE
24  12.7  16.1   14:36   6.8   23:26   5.6   0.0   0.0   6.1  32.2   06:41     S
25  11.3  18.3   12:56   6.2   02:44   7.0   0.0   0.0   3.8  30.6   05:50     S
26  11.6  20.8   15:06   4.9   06:31   6.9   0.3   0.2   2.8  25.7   20:11   NNW
27  11.5  19.1   14:47   5.9   07:29   6.9   0.1   0.2   3.3  19.3   13:07   NNE
28  11.9  18.9   14:06   5.3   06:43   6.4   0.0   0.2   3.6  24.1   14:31     N
29  13.3  21.3   14:42   8.2   05:02   5.4   0.4   0.2   3.7  30.6   21:41   NNE
30  12.4  16.6   15:14   6.1   22:19   5.9   0.0   0.0   2.6  30.6   11:22   SSE
----------------------------------------------------------------------------------
    13.5  23.1     3     3.7    16   149.6   6.5  29.4   5.3  48.3     8      NE

Max >=  25.0  0
Max <=  10.0  0
Min <=   0.0  0
Min <=  -5.0  0
Max Rain: 17.2 on day 2
Days of Rain: 16 (>= 0.2 mm)  3 (>= 2.0 mm)  0 (>= 20.0 mm)
Heat Base: 18.3  Cool Base: 18.3  Method: Integration