NOAA-Style Climate Reports

Select a Year or Month report
2018: Jan Feb Mar Apr May Jun Jul Aug Sep Oct Nov Dec
2017: Jan Feb Mar Apr May Jun Jul Aug Sep Oct Nov Dec
2016: Jan Feb Mar Apr May Jun Jul Aug Sep Oct Nov Dec
2015: Jan Feb Mar Apr May Jun Jul Aug Sep Oct Nov Dec

Report for 2016 May
                   Monthly Climatological Summary for May 2016

Name: Picton Weather   City: Picton   State: New Zealand
Elevation: 6 m  Lat: S 41 17 35   Lon: E 173 59 57

                  Temperature (°C), Rain (mm), Wind Speed (km/h)

                                      Heat  Cool        Avg
    Mean                              Deg   Deg         Wind                 Dom
Day Temp  High   Time   Low    Time   Days  Days  Rain  Speed High   Time    Dir
----------------------------------------------------------------------------------
01  13.2  20.8   14:05   5.7   02:26   5.4   0.4   0.2   6.0  33.8   17:15   NNE
02  16.4  20.3   13:19  10.2   06:03   2.3   0.4   0.0   9.6  53.1   13:56   NNE
03  18.4  22.1   11:53  14.4   20:38   0.8   0.9   0.2   7.0  35.4   01:06   NNE
04  19.1  21.2   13:55  15.5   00:00   0.2   1.0   3.0   9.6  41.8   10:58   NNE
05  15.4  19.3   03:50   8.7   23:20   2.9   0.0  24.6   5.8  33.8   15:32   SSE
06  12.9  19.6   12:57   7.8   23:06   5.4   0.2   0.2   4.5  22.5   11:43   NNE
07  11.3  19.3   14:45   6.8   07:39   7.0   0.0   0.2   2.3  14.5   16:27    NW
08  11.7  18.3   14:41   6.9   02:24   6.6   0.0   0.2   3.2  19.3   13:05     N
09  13.3  20.0   12:20   8.3   06:07   5.1   0.1   0.4   4.4  40.2   17:32   SSW
10  12.5  17.3   23:55   7.1   07:09   5.8   0.0   0.0   2.8  35.4   23:54   NNE
11  18.4  20.3   20:38  15.9   07:35   0.5   0.6  12.0  12.8  48.3   20:36   NNE
12  17.8  19.6   13:05  14.4   06:31   0.6   0.2   6.2  12.7  72.4   21:05   NNE
13  16.7  19.6   12:07  12.7   06:58   1.8   0.2  17.4  10.2  62.8   01:05   NNE
14  16.7  20.6   14:03   9.4   06:33   2.0   0.4   0.0   8.9  37.0   01:01    NE
15  14.5  19.8   13:45   9.2   22:03   3.9   0.1   0.0   5.7  29.0   02:45    NE
16  14.0  19.4   12:32   8.8   02:51   4.5   0.1   3.8  10.1  62.8   12:13   NNE
17  10.5  16.3   12:05   6.1   06:50   7.8   0.0   0.0   3.1  19.3   08:29    SW
18  11.9  16.4   14:46   6.7   03:32   6.3   0.0   8.0   5.3  46.7   14:47    NE
19  12.8  18.4   13:12   6.6   02:32   5.5   0.0   0.0   6.3  41.8   09:39   ENE
20  13.4  16.0   16:05   7.2   07:23   4.9   0.0  11.8   6.4  49.9   01:03     N
21  10.1  15.9   13:05   5.3   23:49   8.1   0.0   0.0   3.6  35.4   00:48    NE
22   5.8  12.1   13:40   1.4   23:01  12.6   0.0  13.2   3.1  33.8   16:00   SSW
23   6.8  13.3   14:59   1.3   00:39  11.5   0.0   4.4   2.8  16.0   20:30   WSW
24   8.8  12.8   14:48   4.3   07:53   9.7   0.0  13.0   3.4  26.0   02:44   SSW
25  11.6  14.9   04:00   6.2   23:43   6.6   0.0   6.4   7.9  55.0   05:22    NE
26   9.9  16.4   13:26   4.8   06:07   8.4   0.0   0.2   5.2  40.0   13:39   ENE
27   9.5  15.2   13:44   3.6   07:49   8.7   0.0   5.0   2.5  18.0   12:18   ENE
28  14.1  16.4   18:50  10.6   23:57   4.2   0.0  26.8   5.7  53.0   15:54    NE
29  11.5  16.4   14:34   7.7   06:40   6.8   0.0   0.6   3.6  27.0   19:24   SSE
30   8.4  13.9   14:41   2.7   07:37   9.9   0.0   1.2   2.6  21.0   22:13    SW
31   8.7  12.8   13:37   6.1   07:41   9.5   0.0   5.8   6.3  61.0   23:07   SSW
----------------------------------------------------------------------------------
    12.8  22.1     3     1.3    23   175.3   4.6 164.8   5.9  72.4    12      NE

Max >=  25.0  0
Max <=  10.0  0
Min <=   0.0  0
Min <=  -5.0  0
Max Rain: 26.8 on day 28
Days of Rain: 24 (>= 0.2 mm)  15 (>= 2.0 mm)  2 (>= 20.0 mm)
Heat Base: 18.3  Cool Base: 18.3  Method: Integration