NOAA-Style Climate Reports

Select a Year or Month report
2018: Jan Feb Mar Apr May Jun Jul Aug Sep Oct Nov Dec
2017: Jan Feb Mar Apr May Jun Jul Aug Sep Oct Nov Dec
2016: Jan Feb Mar Apr May Jun Jul Aug Sep Oct Nov Dec
2015: Jan Feb Mar Apr May Jun Jul Aug Sep Oct Nov Dec

Report for 2016 June
                   Monthly Climatological Summary for Jun 2016

Name: Picton Weather   City: Picton   State: New Zealand
Elevation: 6 m  Lat: S 41 17 35   Lon: E 173 59 57

                  Temperature (°C), Rain (mm), Wind Speed (km/h)

                                      Heat  Cool        Avg
    Mean                              Deg   Deg         Wind                 Dom
Day Temp  High   Time   Low    Time   Days  Days  Rain  Speed High   Time    Dir
----------------------------------------------------------------------------------
01   8.8  12.0   13:35   3.4   23:58   9.5   0.0   0.0   5.6  55.0   03:26   SSW
02   5.5  12.4   14:04   0.9   08:01  12.8   0.0   0.2   1.9  13.0   12:52    SW
03   5.5  14.4   13:35   0.9   05:37  12.8   0.0   0.4   2.5  21.0   10:41    SW
04   4.8  12.6   14:14  -0.5   08:02  13.5   0.0   0.2   1.8  13.0   13:56    SW
05   6.0  13.7   14:24  -0.1   07:36  12.3   0.0   0.0   2.5  18.0   13:48   NNE
06   9.3  13.6   14:46   4.2   02:27   9.0   0.0   0.2   7.1  31.0   07:26   SSW
07   9.0  14.5   12:52   3.3   23:31   9.3   0.0   0.0   3.6  21.0   02:12     S
08   7.9  15.5   14:48   1.9   03:11  10.5   0.0   0.2   3.5  26.0   13:35   NNE
09  11.3  15.8   12:27   6.8   06:07   6.9   0.0  12.6   3.6  24.0   23:40   NNE
10  16.6  19.1   10:10  11.8   20:42   1.7   0.0  13.4  12.0  64.0   05:17   NNE
11  12.2  18.6   12:02   5.8   23:37   6.1   0.0   0.0   5.2  32.0   10:43   NNE
12  11.4  15.8   06:55   6.2   00:00   6.9   0.0  13.4   6.8  51.0   17:40     S
13   5.0  12.2   13:57   0.2   07:46  13.3   0.0   1.6   2.1  13.0   12:41   WSW
14   6.6  14.9   14:24   0.8   06:45  11.8   0.0   0.4   2.3  16.0   12:52   SSW
15   9.1  17.8   11:20   2.7   04:28   9.2   0.0   0.2   3.2  29.0   11:43    SW
16   7.6  15.4   13:47   2.8   07:57  10.7   0.0   0.2   2.3  13.0   15:16    SW
17   7.1  14.9   13:42   2.1   23:39  11.2   0.0   0.4   4.1  23.0   10:59     N
18   7.0  15.1   13:18   0.2   06:53  11.3   0.0   0.2   3.1  21.0   14:51   NNE
19  10.6  15.1   06:08   4.8   01:43   7.7   0.0   2.4   5.6  51.0   13:11     S
20  11.5  15.3   23:24   7.1   06:36   6.8   0.0   0.0   4.4  26.0   21:25    NE
21  15.0  15.8   03:08  13.8   22:58   3.3   0.0   0.2   9.2  29.0   00:56   NNE
22  14.9  17.1   12:50  13.7   06:31   3.4   0.0  33.4   8.1  40.0   12:48   NNE
----------------------------------------------------------------------------------
     9.2  19.1    10    -0.5     4   200.0   0.0  79.6   4.6  64.0    10      NE

Max >=  25.0  0
Max <=  10.0  0
Min <=   0.0  2
Min <=  -5.0  0
Max Rain: 33.4 on day 22
Days of Rain: 17 (>= 0.2 mm)  5 (>= 2.0 mm)  1 (>= 20.0 mm)
Heat Base: 18.3  Cool Base: 18.3  Method: Integration