NOAA-Style Climate Reports

Select a Year or Month report
2018: Jan Feb Mar Apr May Jun Jul Aug Sep Oct Nov Dec
2017: Jan Feb Mar Apr May Jun Jul Aug Sep Oct Nov Dec
2016: Jan Feb Mar Apr May Jun Jul Aug Sep Oct Nov Dec
2015: Jan Feb Mar Apr May Jun Jul Aug Sep Oct Nov Dec

Report for 2016 July
                   Monthly Climatological Summary for Jul 2016

Name: Picton Weather   City: Picton   State: New Zealand
Elevation: 6 m  Lat: S 41 17 34   Lon: E 173 59 57

                  Temperature (°C), Rain (mm), Wind Speed (km/h)

                                      Heat  Cool        Avg
    Mean                              Deg   Deg         Wind                 Dom
Day Temp  High   Time   Low    Time   Days  Days  Rain  Speed High   Time    Dir
----------------------------------------------------------------------------------
02  14.3  14.8   14:57   4.0   23:30  40.1   0.0  15.4   3.6  26.0   21:30     N
03   7.4  14.7   14:30   2.7   03:20  10.9   0.0   0.4   4.2  23.0   11:10   NNE
04  10.4  16.3   14:50   3.7   06:00   7.9   0.0   0.2   5.5  31.0   11:00   NNE
05  11.3  14.5   00:10   7.6   20:20   7.0   0.0   0.0   2.8  31.0   15:00   SSW
06   8.5  13.8   15:00   4.5   08:20   9.8   0.0   0.0   1.6  14.0   13:30   NNE
07   9.2  11.1   13:00   5.2   02:40   9.1   0.0   0.0   8.2  35.0   20:10   SSW
08   9.9  11.1   05:40   8.2   23:30   8.4   0.0  27.2  15.3  93.0   08:20    SW
09   8.5  10.1   14:20   7.1   04:20   9.8   0.0   3.0   9.7  77.0   02:20    SW
10   8.6  10.2   14:52   6.6   23:58   9.7   0.0  58.4   0.0   0.0   00:00     N
11   5.2  12.5   15:07   0.4   06:34  13.1   0.0   0.4   1.3  13.0   12:24   NNW
12   6.0  12.2   13:57   0.9   00:44  12.3   0.0   0.0   2.3  24.0   13:28    NE
13  12.0  13.2   10:52   6.7   00:00   6.3   0.0  16.2  18.6  74.0   23:43   NNE
14  11.3  14.8   03:49   3.9   23:46   7.0   0.0  12.6   7.4  69.0   00:27    NE
15   9.9  15.2   15:17   3.2   23:51   8.4   0.0   0.0   5.3  50.0   13:26   ENE
16   5.6  13.5   15:10   0.9   06:53  12.7   0.0   0.2   2.6  13.0   11:48     W
17   8.0  16.8   11:45   2.8   03:50  10.3   0.0   0.6   3.2  26.0   15:22   SSW
18   4.9  13.5   14:17   0.9   07:25  13.4   0.0   0.4   2.6  14.0   13:43   SSW
----------------------------------------------------------------------------------
     8.9  16.8    17     0.4    11   196.2   0.0 135.0   5.6  93.0     8       N

Max >=  25.0  0
Max <=  10.0  0
Min <=   0.0  0
Min <=  -5.0  0
Max Rain: 58.4 on day 10
Days of Rain: 12 (>= 0.2 mm)  6 (>= 2.0 mm)  2 (>= 20.0 mm)
Heat Base: 18.3  Cool Base: 18.3  Method: Integration