NOAA-Style Climate Reports

Select a Year or Month report
2018: Jan Feb Mar Apr May Jun Jul Aug Sep Oct Nov Dec
2017: Jan Feb Mar Apr May Jun Jul Aug Sep Oct Nov Dec
2016: Jan Feb Mar Apr May Jun Jul Aug Sep Oct Nov Dec
2015: Jan Feb Mar Apr May Jun Jul Aug Sep Oct Nov Dec

Report for 2016 August
                   Monthly Climatological Summary for Aug 2016

Name: Picton Weather   City: Picton   State: New Zealand
Elevation: 6 m  Lat: S 41° 17' 35"   Lon: E 173° 59' 57"

                  Temperature (°C), Rain (mm), Wind Speed (km/h)

                                      Heat  Cool        Avg
    Mean                              Deg   Deg         Wind                 Dom
Day Temp  High   Time   Low    Time   Days  Days  Rain  Speed High   Time    Dir
----------------------------------------------------------------------------------
 1   8.1  13.6   14:00   0.9   00:15  10.2   0.0   0.0   3.1  17.4   20:54     E
 2   7.7  11.1   13:22   2.7   07:33  10.6   0.0   0.0   2.2  19.1   00:33     S
 3  10.4  16.2   12:32   5.8   02:14   7.9   0.0   6.8   2.5  18.3   13:49    NE
 4   7.2  10.2   12:55   5.1   01:22  11.1   0.0   6.8   4.7  31.3   20:10   SSW
 5   5.2   6.7   14:18   3.9   08:22  13.1   0.0   5.2   8.4  37.4   18:16    SW
 6   5.0   6.2   14:56   4.3   00:42  13.3   0.0  15.0   8.1  33.9   01:20    SW
 7   5.3  10.0   12:20   0.9   23:48  13.0   0.0   0.0   4.8  34.8   01:55    SW
 8   4.4  10.2   12:41  -1.2   06:03  13.9   0.0   0.0   2.7  16.5   10:28     S
 9   6.4  12.3   12:16   0.5   04:15  11.9   0.0   0.0   3.5  15.7   05:34   SSW
10   7.0  12.3   12:50   2.9   23:47  11.3   0.0   0.0   3.4  14.8   05:49   SSW
11   3.9  12.2   15:08  -1.9   07:30  14.4   0.0   0.0   1.8   8.7   11:20   NNE
12   7.6  13.2   16:25   0.2   00:00  10.7   0.0   4.8   2.1  16.5   15:24   ENE
13   7.9   9.2   13:46   3.5   23:58  10.4   0.0  14.4   2.0  20.0   07:31   SSW
14   6.7  13.5   15:13   1.8   02:41  11.6   0.0   0.0   1.6  10.4   16:39    NE
15   8.6  15.1   14:25   3.6   01:05   9.7   0.0   0.4   2.6  14.8   10:51   ENE
16   7.3  15.0   15:12   2.0   07:41  11.0   0.0   0.0   1.7  10.4   00:48   NNE
17   7.2  15.0   14:07   0.8   07:05  11.1   0.0   0.2   2.0  12.2   15:02   NNE
18   8.4  13.7   10:38   2.0   05:24   9.9   0.0   0.2   3.6  16.5   14:30     S
19   9.0  15.7   11:08   3.3   23:54   9.3   0.0   0.0   2.4  13.0   02:14   SSW
20   7.8  14.6   14:47   2.8   00:26  10.5   0.0   0.0   1.8   9.6   11:10    NE
21   9.0  14.3   12:44   1.4   05:32   9.3   0.0   0.2   4.6  20.0   12:32    NE
22  11.0  13.3   12:11   4.7   23:57   7.3   0.0   6.0   4.4  17.4   05:32    NE
23   7.5  14.2   15:36   2.0   05:25  10.8   0.0   0.4   1.3  10.4   20:30   WSW
24   8.5  10.1   12:07   6.2   01:09   9.8   0.0   3.4   3.6  16.5   10:36   SSW
25   9.1  11.2   13:09   8.0   04:07   9.2   0.0   0.4   2.4  14.8   22:18     S
26  10.8  13.2   13:08   8.4   00:28   7.5   0.0   3.2   3.5  20.0   02:21   SSW
27  11.2  17.8   14:32   5.2   22:48   7.1   0.0   0.6   2.5  17.4   06:44   WNW
28   9.3  16.4   13:21   3.4   05:27   9.0   0.0   0.2   3.1  19.1   11:04    NE
29  10.0  17.1   15:05   5.1   07:08   8.3   0.0   0.0   2.2  18.3   03:32    NW
30  10.3  16.8   10:41   4.7   01:44   8.0   0.0   0.0   2.7  12.2   03:44    SW
31   9.5  15.2   13:48   5.6   02:33   8.8   0.0   0.0   2.2  12.2   16:02    NE
----------------------------------------------------------------------------------
     8.0  17.8    27    -1.9    11   320.0   0.0  68.2   3.1  37.4     5     SSW

Max >=  27.0:  0
Max <=   0.0:  0
Min <=   0.0:  2
Min <= -18.0:  0
Max Rain: 15.0 on day 6
Days of Rain: 17 (>= 0.2 mm)  9 (>= 2.0 mm)  0 (>= 20.0 mm)
Heat Base: 18.3  Cool Base: 18.3  Method: Integration