NOAA-Style Climate Reports

Select a Year or Month report
2018: Jan Feb Mar Apr May Jun Jul Aug Sep Oct Nov Dec
2017: Jan Feb Mar Apr May Jun Jul Aug Sep Oct Nov Dec
2016: Jan Feb Mar Apr May Jun Jul Aug Sep Oct Nov Dec
2015: Jan Feb Mar Apr May Jun Jul Aug Sep Oct Nov Dec

Report for 2016 September
                   Monthly Climatological Summary for Sep 2016

Name: Picton Weather   City: Picton   State: New Zealand
Elevation: 6 m  Lat: S 41° 17' 35"   Lon: E 173° 59' 57"

                  Temperature (°C), Rain (mm), Wind Speed (km/h)

                                      Heat  Cool        Avg
    Mean                              Deg   Deg         Wind                 Dom
Day Temp  High   Time   Low    Time   Days  Days  Rain  Speed High   Time    Dir
----------------------------------------------------------------------------------
 1  11.0  14.3   11:47   5.9   03:03   7.3   0.0   0.2   6.1  23.5   20:10   NNE
 2  13.0  15.4   14:01   9.6   23:04   5.3   0.0   0.6   3.6  17.4   00:32    NE
 3  12.8  19.8   12:07   7.2   02:54   5.5   0.0   0.0   3.4  21.7   07:43     W
 4  11.8  15.9   18:52   7.6   04:34   6.5   0.0   4.8   3.6  27.0   21:05    NE
 5  13.6  18.1   14:19  10.6   23:55   4.7   0.0   3.0   4.9  28.7   03:36    NE
 6  10.1  14.5   13:20   5.2   23:08   8.2   0.0   1.0   2.1  13.9   12:12   SSW
 7  10.0  14.5   10:44   4.9   00:44   8.3   0.0   0.8   4.4  30.4   09:24    NE
 8   6.7  10.2   08:48   3.9   13:06  11.6   0.0   5.8   6.3  29.6   18:52    SW
 9   8.6  13.3   11:23   5.8   01:06   9.7   0.0   0.2   5.3  33.0   00:31    SW
10   8.2  12.5   12:06   4.6   23:59  10.1   0.0   0.0   4.1  20.9   11:53   SSW
11   7.9  15.3   14:50   0.3   06:38  10.4   0.0   0.0   2.9  13.0   13:43    NE
12  10.5  14.1   12:25   5.0   00:07   7.8   0.0   0.2   5.4  21.7   13:50    NE
13  12.8  18.2   13:38   6.4   06:45   5.5   0.0   0.0   3.5  17.4   02:42    NE
14  11.8  17.1   14:32   7.2   01:22   6.5   0.0   0.0   2.5  12.2   13:35    NE
15  11.7  17.2   15:15   4.4   07:00   6.6   0.0   0.2   2.9  12.2   15:32    NE
16  15.5  18.2   14:30  12.9   00:00   2.8   0.0   7.4   7.4  31.3   18:07    NE
17  14.8  16.6   13:50  12.1   23:36   3.5   0.0  12.2   4.1  20.0   00:43    NE
18  12.3  15.8   16:22   9.2   23:54   6.0   0.0  13.0   4.9  26.1   17:53   SSW
19   9.9  14.7   14:04   5.7   06:34   8.4   0.0   0.0   2.4  16.5   20:03     S
20   9.7  12.1   12:23   8.7   03:16   8.6   0.0   0.2   4.6  27.0   17:44     S
21   9.2  13.2   09:09   4.2   06:52   9.1   0.0   0.0   2.8  15.7   02:12     N
22  10.0  16.3   10:03   4.7   06:27   8.3   0.0   0.0   2.9  17.4   20:04    SE
23  11.0  13.7   14:14   9.6   05:57   7.3   0.0   0.0   3.1  13.0   14:24   SSE
24  10.7  13.4   13:29   9.4   22:42   7.6   0.0   0.0   3.3  19.1   23:43     S
25  10.2  11.4   23:57   8.9   04:18   8.1   0.0   4.0   5.7  25.2   17:58   SSW
26  11.5  13.9   14:12  10.4   08:04   6.8   0.0   4.0   3.9  15.7   02:35   SSW
27  13.3  18.6   15:54  10.6   03:13   5.0   0.0   0.2   4.1  15.7   23:19   SSW
28  12.7  19.2   14:14   6.9   04:50   5.6   0.0   0.2   2.3  13.9   21:14   SSW
29  13.3  15.3   11:39  11.3   23:47   5.0   0.0   1.2   4.2  15.7   06:30   SSW
30  13.0  18.7   16:34   7.1   06:46   5.3   0.0   0.2   2.2  11.3   17:10    NE
----------------------------------------------------------------------------------
    11.3  19.8     3     0.3    11   211.4   0.0  59.4   4.0  33.0     9      SE

Max >=  27.0:  0
Max <=   0.0:  0
Min <=   0.0:  0
Min <= -18.0:  0
Max Rain: 13.0 on day 18
Days of Rain: 20 (>= 0.2 mm)  8 (>= 2.0 mm)  0 (>= 20.0 mm)
Heat Base: 18.3  Cool Base: 18.3  Method: Integration