NOAA-Style Climate Reports

Select a Year or Month report
2018: Jan Feb Mar Apr May Jun Jul Aug Sep Oct Nov Dec
2017: Jan Feb Mar Apr May Jun Jul Aug Sep Oct Nov Dec
2016: Jan Feb Mar Apr May Jun Jul Aug Sep Oct Nov Dec
2015: Jan Feb Mar Apr May Jun Jul Aug Sep Oct Nov Dec

Report for 2016 October
                   Monthly Climatological Summary for Oct 2016

Name: Picton Weather   City: Picton   State: New Zealand
Elevation: 6 m  Lat: S 41° 17' 35"   Lon: E 173° 59' 57"

                  Temperature (°C), Rain (mm), Wind Speed (km/h)

                                      Heat  Cool        Avg
    Mean                              Deg   Deg         Wind                 Dom
Day Temp  High   Time   Low    Time   Days  Days  Rain  Speed High   Time    Dir
----------------------------------------------------------------------------------
 1  13.1  16.3   14:59  10.4   00:14   5.2   0.0   4.2   1.5  10.4   15:07    NE
 2  14.7  18.3   15:34  11.6   00:06   3.6   0.0  10.8   3.9  20.0   14:31   NNE
 3  13.8  18.7   13:25  10.2   06:13   4.5   0.0   0.0   2.1  14.8   18:30   ENE
 4  14.4  17.5   15:25  11.8   00:00   3.9   0.0   0.2   4.5  21.7   16:01    NE
 5  16.1  20.6   15:28  11.5   07:39   2.2   0.0   2.6   4.6  27.8   12:36    NE
 6  14.4  17.3   11:54   9.4   23:21   3.9   0.0   3.0   5.4  30.4   10:38    NE
 7  10.3  14.1   10:21   6.9   21:46   8.0   0.0   1.0   2.4  11.3   00:51   WNW
 8  13.4  17.9   16:36   7.1   05:25   4.9   0.0   0.0   4.8  20.9   12:05    NE
 9  11.8  15.6   12:09   8.9   23:59   6.5   0.0   0.0   3.1  17.4   19:22     S
10  11.1  17.3   16:39   3.2   06:33   7.2   0.0   0.0   3.9  15.7   13:55    NE
11  13.6  17.3   11:50   6.4   04:52   4.7   0.0   0.0   5.9  26.1   16:20   NNE
12  14.5  19.3   16:23   7.4   22:57   3.8   0.0   2.2   6.7  26.1   07:41    NE
13  13.0  19.0   13:55   5.5   06:54   5.3   0.0   0.0   5.2  23.5   17:29   NNE
14  12.5  15.8   14:16   7.8   22:04   5.8   0.0   7.2   4.4  15.7   14:17    NE
15  10.8  15.9   14:50   6.3   23:51   7.5   0.0   3.6   3.4  17.4   11:26     S
16  12.0  20.0   16:07   4.2   04:54   6.3   0.0   0.2   2.9  12.2   14:28    NE
17  14.1  23.4   13:29   7.8   03:51   4.2   0.0   0.0   2.6  17.4   14:35   NNE
18  15.5  20.4   15:23   8.7   04:01   2.8   0.0   0.0   6.5  27.8   17:28    NE
19  17.4  20.9   16:20  12.8   21:32   0.9   0.0   0.0   7.0  31.3   02:28    NE
20  13.1  19.7   14:05   8.3   06:37   5.2   0.0   2.6   3.6  21.7   22:34   SSE
21  11.0  14.3   15:09   9.3   07:06   7.3   0.0   2.4   4.6  23.5   16:17     S
22  11.5  16.9   15:23   5.6   23:48   6.8   0.0   0.0   3.5  15.7   00:58   SSW
23  10.6  18.1   14:03   2.3   06:14   7.7   0.0   0.0   2.2  11.3   10:53   NNE
24  14.2  18.6   14:15   9.5   03:02   4.1   0.0   0.0   3.3  19.1   19:14   NNE
25  14.1  18.4   16:49   9.8   23:35   4.2   0.0   9.8   4.3  19.1   07:08   NNE
26  12.9  18.6   12:11   9.6   00:22   5.4   0.0  17.0   2.0  14.8   15:07     S
27  14.9  20.5   12:52  10.3   23:22   3.4   0.0   0.0   3.4  14.8   12:10    NE
28  13.8  18.3   10:52   8.6   06:47   4.5   0.0   0.4   4.9  24.3   11:28    NE
29   9.1  14.2   00:14   6.6   23:57   9.2   0.0   9.8   2.8  19.1   17:42   SSW
30   8.7  14.4   12:39   2.0   06:14   9.6   0.0   0.0   2.6  20.0   16:07   SSE
31   9.7  16.1   15:07   2.5   06:42   8.6   0.0   0.0   2.9  12.2   15:17    NE
----------------------------------------------------------------------------------
    12.9  23.4    17     2.0    30   167.2   0.0  77.0   3.9  31.3    19      NE

Max >=  27.0:  0
Max <=   0.0:  0
Min <=   0.0:  0
Min <= -18.0:  0
Max Rain: 17.0 on day 26
Days of Rain: 16 (>= 0.2 mm)  12 (>= 2.0 mm)  0 (>= 20.0 mm)
Heat Base: 18.3  Cool Base: 18.3  Method: Integration