NOAA-Style Climate Reports

Select a Year or Month report
2018: Jan Feb Mar Apr May Jun Jul Aug Sep Oct Nov Dec
2017: Jan Feb Mar Apr May Jun Jul Aug Sep Oct Nov Dec
2016: Jan Feb Mar Apr May Jun Jul Aug Sep Oct Nov Dec
2015: Jan Feb Mar Apr May Jun Jul Aug Sep Oct Nov Dec

Report for 2016 November
                   Monthly Climatological Summary for Nov 2016

Name: Picton Weather   City: Picton   State: New Zealand
Elevation: 6 m  Lat: S 41° 17' 35"   Lon: E 173° 59' 57"

                  Temperature (°C), Rain (mm), Wind Speed (km/h)

                                      Heat  Cool        Avg
    Mean                              Deg   Deg         Wind                 Dom
Day Temp  High   Time   Low    Time   Days  Days  Rain  Speed High   Time    Dir
----------------------------------------------------------------------------------
 1  11.1  16.5   14:17   3.4   05:07   7.2   0.0   0.2   4.9  23.5   13:09    NE
 2  14.4  18.7   14:49  11.2   23:57   3.9   0.0   7.2   2.7  13.9   15:57   NNE
 3  14.0  20.2   11:57   7.8   06:59   4.3   0.0   0.4   3.5  20.9   05:55    NE
 4  12.5  16.5   14:27   8.2   23:43   5.8   0.0   0.0   2.8  13.9   14:07    NE
 5  13.6  19.2   14:29   6.5   06:23   4.7   0.0   0.0   4.4  20.0   14:43   NNE
 6  15.6  18.0   15:26  12.1   23:49   2.7   0.0  10.4   6.6  28.7   15:09    NE
 7  11.9  14.1   00:45   9.3   05:58   6.4   0.0  27.4   5.0  38.3   20:32   SSW
 8  14.4  20.6   12:03   8.7   07:13   3.9   0.0   0.0   3.5  20.0   00:15   NNW
 9  15.8  24.7   12:32   7.1   05:56   2.5   0.0   0.0   2.7  16.5   12:09    NE
10  14.8  16.9   17:45  12.8   05:14   3.5   0.0   4.6   1.4  11.3   17:21   NNE
11  16.7  18.6   15:08  15.2   21:22   1.6   0.0  11.0   4.4  16.5   15:18   NNE
12  12.2  16.8   00:11  10.1   22:52   6.1   0.0  21.6   4.0  27.0   14:01   SSW
13  12.3  17.0   16:48   9.2   05:53   6.0   0.0   0.8   2.9  13.9   16:11    NE
14  13.7  17.2   23:12  10.2   00:07   4.6   0.0  15.2   5.3  22.6   21:33    NE
15  17.9  21.1   16:39  16.2   22:33   0.4   0.0  48.4   7.9  28.7   04:57    NE
16  15.7  18.3   11:01  11.9   22:39   2.6   0.0   2.0   7.8  27.0   15:01    NE
17  12.2  16.8   10:20   8.1   06:16   6.1   0.0   1.2   2.0  13.9   13:20     S
18  11.7  19.1   10:54   3.8   05:41   6.6   0.0   0.0   3.5  16.5   17:47    NE
19  17.2  23.0   18:17   8.9   04:00   1.1   0.0   0.0   5.4  20.9   14:09    NE
20  15.7  21.4   10:02   8.6   06:10   2.6   0.0   0.0   4.0  17.4   02:04   ENE
21  15.2  22.9   16:28   6.2   05:22   3.1   0.0   0.0   3.3  13.9   14:58    NE
22  17.5  24.9   17:30  12.0   06:14   0.8   0.0   0.0   3.3  13.9   16:30    NE
23  17.9  25.8   14:42   9.2   05:42   0.4   0.0   0.0   3.3  13.0   08:59     N
24  16.7  19.4   15:33  13.8   23:57   1.6   0.0   0.0   3.2  13.0   14:37    NE
25  16.2  21.3   15:33  12.1   03:50   2.1   0.0   6.2   5.3  30.4   15:24    NE
26  16.7  19.7   13:49  14.8   22:49   1.6   0.0   0.8   8.5  28.7   08:31    NE
27  14.8  17.7   12:43  10.2   23:59   3.5   0.0   1.2   7.4  33.9   18:00    NE
28  14.8  19.7   13:33   9.1   04:34   3.5   0.0   0.0   4.1  28.7   15:39   ENE
29  17.4  23.1   13:03  11.2   06:03   0.9   0.0   0.0   5.8  22.6   14:16    NE
30  14.3  17.1   01:34  11.4   23:46   4.0   0.0   1.0   4.0  17.4   00:40    SW
----------------------------------------------------------------------------------
    14.8  25.8    23     3.4     1   104.1   0.0 159.6   4.4  38.3     7      NE

Max >=  27.0:  0
Max <=   0.0:  0
Min <=   0.0:  0
Min <= -18.0:  0
Max Rain: 48.4 on day 15
Days of Rain: 17 (>= 0.2 mm)  10 (>= 2.0 mm)  3 (>= 20.0 mm)
Heat Base: 18.3  Cool Base: 18.3  Method: Integration