NOAA-Style Climate Reports

Select a Year or Month report
2018: Jan Feb Mar Apr May Jun Jul Aug Sep Oct Nov Dec
2017: Jan Feb Mar Apr May Jun Jul Aug Sep Oct Nov Dec
2016: Jan Feb Mar Apr May Jun Jul Aug Sep Oct Nov Dec
2015: Jan Feb Mar Apr May Jun Jul Aug Sep Oct Nov Dec

Report for 2016 December
                   Monthly Climatological Summary for Dec 2016

Name: Picton Weather   City: Picton   State: New Zealand
Elevation: 6 m  Lat: S 41° 17' 35"   Lon: E 173° 59' 57"

                  Temperature (°C), Rain (mm), Wind Speed (km/h)

                                      Heat  Cool        Avg
    Mean                              Deg   Deg         Wind                 Dom
Day Temp  High   Time   Low    Time   Days  Days  Rain  Speed High   Time    Dir
----------------------------------------------------------------------------------
 1  14.0  18.8   14:46  10.1   23:32   4.3   0.0   0.2   3.9  13.0   06:34    SW
 2  12.6  15.3   09:35  10.2   00:00   5.7   0.0   1.0   2.9  20.9   15:50   SSW
 3  13.9  20.2   15:19   5.9   06:06   4.4   0.0   0.0   4.1  18.3   14:41    NE
 4  13.6  18.1   14:38   9.1   05:34   4.7   0.0   0.4   3.2  19.1   07:54     S
 5  15.4  21.1   15:17  11.3   00:16   2.9   0.0   0.0   3.4  13.0   11:48    SW
 6  17.1  21.7   13:39  10.0   02:46   1.2   0.0   0.0   5.9  28.7   13:08    NE
 7  18.3  19.6   12:34  16.4   23:40   0.0   0.0   0.4   6.7  27.0   20:23    NE
 8  15.2  16.6   00:11  14.1   05:24   3.1   0.0   4.0   2.8  14.8   03:12   SSW
 9  18.1  23.1   15:59  13.8   06:39   0.2   0.0   0.0   4.8  16.5   03:22    NE
10  17.9  19.8   17:06  15.5   23:58   0.4   0.0   1.4   8.5  25.2   08:59   NNE
11  13.1  17.2   12:32   9.7   23:59   5.2   0.0   7.8   1.9  19.1   02:00    SE
12  11.3  19.9   12:00   7.8   23:58   7.0   0.0   6.4   1.8  27.8   12:06     E
13  13.2  18.3   13:55   6.1   02:55   5.1   0.0   0.0   3.3  20.0   23:38    NE
14  18.6  23.2   15:09  12.7   06:39   0.0   0.3   0.2   3.9  20.0   00:01   NNE
15  19.5  23.0   17:05  15.2   23:53   0.0   1.2   0.0   7.1  23.5   17:40    NE
16  15.6  22.1   16:13   6.8   06:01   2.7   0.0   0.0   4.2  19.1   00:22    NE
17  16.1  23.1   16:28   8.6   04:24   2.2   0.0   0.0   3.2  12.2   15:39   NNE
18  16.2  19.7   12:23  10.9   02:06   2.1   0.0   1.0   7.4  33.0   10:53    NE
19  18.3  22.9   16:18  10.8   23:51   0.0   0.0   1.2   3.7  24.3   11:37    NE
20  14.3  21.7   15:48   5.7   05:57   4.0   0.0   0.0   3.3  13.9   12:59   NNE
21  14.8  19.4   14:45   7.8   05:35   3.5   0.0   0.0   5.2  23.5   15:35    NE
22  17.8  21.7   11:35  14.3   23:48   0.5   0.0   5.8   7.5  27.8   08:23    NE
23  14.4  19.8   09:58   9.8   23:59   3.9   0.0   0.8   2.0  16.5   15:09     S
24  13.2  19.5   14:13   5.9   06:11   5.1   0.0   0.2   2.9  13.0   15:13   NNE
25  14.6  22.1   11:45   9.4   04:24   3.7   0.0   0.2   3.3  18.3   15:15     S
26  16.5  22.5   16:20  10.1   05:45   1.8   0.0   0.0   3.7  15.7   15:37    NE
27  19.1  24.2   14:15  12.6   06:29   0.0   0.8   0.0   5.1  27.0   13:02    NE
28  16.9  22.1   13:53  11.3   06:40   1.4   0.0   0.0   3.9  20.0   02:17   SSW
29  13.7  15.2   12:44  11.9   22:45   4.6   0.0   0.2   2.9  20.0   14:35   SSW
30  15.7  20.9   15:25  10.8   02:48   2.6   0.0   0.0   3.7  14.8   15:03    NE
31  15.9  21.2   15:35   9.2   04:48   2.4   0.0   0.0   5.7  24.3   15:49    NE
----------------------------------------------------------------------------------
    15.6  24.2    27     5.7    20    84.7   2.3  31.2   4.3  33.0    18      NE

Max >=  27.0:  0
Max <=   0.0:  0
Min <=   0.0:  0
Min <= -18.0:  0
Max Rain: 7.8 on day 11
Days of Rain: 16 (>= 0.2 mm)  4 (>= 2.0 mm)  0 (>= 20.0 mm)
Heat Base: 18.3  Cool Base: 18.3  Method: Integration