NOAA-Style Climate Reports

Select a Year or Month report
2018: Jan Feb Mar Apr May Jun Jul Aug Sep Oct Nov Dec
2017: Jan Feb Mar Apr May Jun Jul Aug Sep Oct Nov Dec
2016: Jan Feb Mar Apr May Jun Jul Aug Sep Oct Nov Dec
2015: Jan Feb Mar Apr May Jun Jul Aug Sep Oct Nov Dec

Report for 2017
                   Annual Climatological Summary for 2017

Name: Picton Weather   City: Picton   State: New Zealand
Elevation: 6 m  Lat: S 41 17 35   Lon: E 173 59 58

                  Temperature (°C), Heat Base: 18.3  Cool Base: 18.3
                          Dep.  Heat  Cool                       Max  Max  Min  Min
        Mean  Mean        From  Deg   Deg                        >=   <=   <=   <=
 YR MO  Max   Min   Mean  Norm  Days  Days  Hi  Date  Low  Date 27.0  0.0  0.0 -18.0
------------------------------------------------------------------------------------
 17  1  22.4  12.3  17.4   0.0    47    20  27.1  15   4.1    5    1    0    0    0
 17  2  22.7  12.7  17.7   0.0    35    18  28.1   4   5.2   10    2    0    0    0
 17  3  21.4  11.7  16.2   0.0    61     4  27.2   5   6.2   16    1    0    0    0
 17  4  17.7  11.0  14.3   0.0    50     2  24.1   2   5.8    9    0    0    0    0
 17  5  15.4   5.8  10.5   0.0   242     0  19.4   9  -1.6   21    0    0    3    0
 17  6  13.4   3.7   8.1   0.0   308     0  17.6  12  -1.5   15    0    0    1    0
 17  7  12.6   3.6   7.8   0.0   324     0  16.0  24  -2.6   29    0    0    6    0
 17  8  14.3   6.2  10.3   0.0   247     0  17.9  12  -0.6   23    0    0    1    0
 17  9  15.7   6.7  11.3   0.0   209     0  20.4  24   0.2   12    0    0    0    0
 17 10  18.8   8.2  13.3   0.0   159     6  23.3   2   4.1   19    0    0    0    0
 17 11  19.6  10.4  14.8   0.0   114    10  24.8  23   3.8    7    0    0    0    0
 17 12  23.3  12.5  18.1   0.0    61    54  28.6  12   7.7   28    2    0    0    0
------------------------------------------------------------------------------------
        18.1   8.7  13.3   0.0  1857   113  28.6 Dec  -2.6  Jul    6    0   11    0

                                Precipitation (mm)

              Dep.   Max        Days of Rain
              From   Obs.           >=
 YR MO Total  Norm   Day Date  0.2  2.0 20.0
---------------------------------------------
 17  1  48.8   0.0  17.8  22    12    5    0
 17  2  68.8   0.0  37.8  17     9    4    1
 17  3  37.8   0.0  16.2  12    12    4    0
 17  4 124.4   0.0  90.8   5    10    4    1
 17  5  73.2   0.0  19.2  17    19    5    0
 17  6  43.2   0.0  11.8   5    23    5    0
 17  7 104.8   0.0  29.6   1    27   10    2
 17  8 126.8   0.0  21.6  17    23   11    1
 17  9 118.2   0.0  20.8  18    20   13    1
 17 10  58.2   0.0  21.8  11    16    5    1
 17 11  27.8   0.0  17.8   8     9    2    0
 17 12  28.8   0.0  14.8  26    10    2    0
---------------------------------------------
       860.8   0.0  90.8  Apr  190   70    7

                                Wind Speed (km/h)
                          Dom
 YR MO   Avg.  Hi   Date  Dir
------------------------------
 17  1   9.5  72.4   19    NE
 17  2   7.2  64.4   13    NE
 17  3   6.0  67.6    8    SW
 17  4   7.1  77.2    5     S
 17  5   4.6  69.2    3     E
 17  6   4.3  72.4   22   SSW
 17  7   5.4  77.2   13   SSW
 17  8   6.1  67.6   17    NE
 17  9   7.0  69.2   15    NE
 17 10   5.9  56.3   22    NE
 17 11   7.5  75.6    8   ENE
 17 12   7.5  59.5   19   ENE
------------------------------
         6.5  77.2  Apr   ENE