NOAA-Style Climate Reports

Select a Year or Month report
2018: Jan Feb Mar Apr May Jun Jul Aug Sep Oct Nov Dec
2017: Jan Feb Mar Apr May Jun Jul Aug Sep Oct Nov Dec
2016: Jan Feb Mar Apr May Jun Jul Aug Sep Oct Nov Dec
2015: Jan Feb Mar Apr May Jun Jul Aug Sep Oct Nov Dec

Report for 2017 January
                   Monthly Climatological Summary for Jan 2017

Name: Picton Weather   City: Picton   State: New Zealand
Elevation: 6 m  Lat: S 41° 17' 35"   Lon: E 173° 59' 57"

                  Temperature (°C), Rain (mm), Wind Speed (km/h)

                                      Heat  Cool        Avg
    Mean                              Deg   Deg         Wind                 Dom
Day Temp  High   Time   Low    Time   Days  Days  Rain  Speed High   Time    Dir
----------------------------------------------------------------------------------
 1  19.8  22.1   13:01  17.6   01:11   0.0   1.5   0.2   9.7  31.3   16:01    NE
 2  14.6  18.4   00:00  12.7   23:32   3.7   0.0   0.0   4.4  25.2   12:00   SSE
 3  13.9  18.3   18:55  11.1   07:21   4.4   0.0   4.0   2.6  12.2   04:11    SE
 4  15.0  25.7   14:47   8.5   23:43   3.3   0.0   0.8   3.8  32.2   16:06   SSE
 5  11.3  18.1   14:28   4.1   05:35   7.0   0.0   0.2   2.5  14.8   13:26    NE
 6  16.5  21.4   14:16   9.6   07:05   1.8   0.0   0.0   5.5  21.7   11:04   NNE
 7  16.0  21.0   13:51  10.8   07:13   2.3   0.0   0.0   3.8  18.3   00:09    NE
 8  16.9  23.8   15:57   9.7   06:52   1.4   0.0   0.0   4.0  25.2   15:45    NE
 9  20.2  26.7   15:29  15.3   07:18   0.0   1.9   0.2   5.0  20.0   00:11   NNE
10  19.6  24.4   11:01  15.2   05:18   0.0   1.3   0.0   3.9  15.7   15:51   NNW
11  19.9  24.3   09:18  14.8   05:18   0.0   1.6   0.0   5.6  26.1   15:30   NNE
12  20.2  22.4   13:22  15.1   23:59   0.0   1.9   0.0   8.6  34.8   03:59    NE
13  18.2  23.2   15:28  11.7   02:15   0.1   0.0   0.0   5.0  26.1   13:59   NNE
14  17.5  20.9   11:53  14.1   05:42   0.8   0.0   0.0   6.5  33.0   20:33   NNE
15  21.4  27.1   17:46  17.4   02:24   0.0   3.1   0.0   7.1  30.4   00:37    NE
16  20.0  25.3   15:14  12.7   07:30   0.0   1.7   0.0   5.4  22.6   15:03   NNE
17  20.3  26.6   16:41  16.0   04:38   0.0   2.0   0.0   5.1  29.6   06:00   NNE
18  20.5  23.4   12:39  18.3   02:09   0.0   2.2   0.2   8.3  29.6   23:20   NNE
19  18.7  21.9   02:32  10.6   23:57   0.0   0.4  17.2   7.9  39.1   06:49    NE
20  13.3  17.7   15:47   9.2   05:16   5.0   0.0   2.0   3.6  16.5   16:47   NNE
21  13.2  17.2   10:13   9.8   04:49   5.1   0.0   4.8   3.1  19.1   16:59   NNE
22  15.6  17.0   08:09  12.9   00:00   2.7   0.0  17.8   8.0  26.1   12:04   NNE
23  16.2  20.9   17:02  12.8   06:22   2.1   0.0   1.2   2.7  13.0   12:51    NE
24  15.8  22.1   15:41   8.7   06:46   2.5   0.0   0.2   2.7  13.0   16:43   NNE
25  18.1  26.0   16:17   9.4   23:50   0.2   0.0   0.0   6.2  29.6   07:30   ENE
26  16.6  23.9   15:17   7.3   04:41   1.7   0.0   0.0   3.8  21.7   21:01   NNE
27  19.3  23.6   16:11  15.0   23:58   0.0   1.0   0.0   5.5  21.7   17:24    NE
28  17.7  22.2   16:09  13.4   06:43   0.6   0.0   0.0   3.8  13.9   00:06    NE
29  16.7  22.2   13:24   9.8   06:27   1.6   0.0   0.0   4.7  22.6   22:58   NNE
30  17.8  21.1   14:36  15.0   07:11   0.5   0.0   0.0   4.1  16.5   16:23    NE
31  19.3  25.8   13:12  12.3   01:27   0.0   1.0   0.0   6.3  21.7   13:04    NE
----------------------------------------------------------------------------------
    17.4  27.1    15     4.1     5    46.8  19.6  48.8   5.1  39.1    19      NE

Max >=  27.0:  1
Max <=   0.0:  0
Min <=   0.0:  0
Min <= -18.0:  0
Max Rain: 17.8 on day 22
Days of Rain: 12 (>= 0.2 mm)  5 (>= 2.0 mm)  0 (>= 20.0 mm)
Heat Base: 18.3  Cool Base: 18.3  Method: Integration