NOAA-Style Climate Reports

Select a Year or Month report
2018: Jan Feb Mar Apr May Jun Jul Aug Sep Oct Nov Dec
2017: Jan Feb Mar Apr May Jun Jul Aug Sep Oct Nov Dec
2016: Jan Feb Mar Apr May Jun Jul Aug Sep Oct Nov Dec
2015: Jan Feb Mar Apr May Jun Jul Aug Sep Oct Nov Dec

Report for 2017 February
                   Monthly Climatological Summary for Feb 2017

Name: Picton Weather   City: Picton   State: New Zealand
Elevation: 6 m  Lat: S 41° 17' 35"   Lon: E 173° 59' 57"

                  Temperature (°C), Rain (mm), Wind Speed (km/h)

                                      Heat  Cool        Avg
    Mean                              Deg   Deg         Wind                 Dom
Day Temp  High   Time   Low    Time   Days  Days  Rain  Speed High   Time    Dir
----------------------------------------------------------------------------------
 1  19.7  21.8   15:07  16.6   23:42   0.0   1.4   0.0   6.8  25.2   08:38    NE
 2  15.2  16.6   00:00  13.5   14:46   3.1   0.0  16.8   2.3  15.7   21:03   NNE
 3  19.0  25.6   16:29  11.6   06:39   0.0   0.7   0.2   3.9  28.7   09:56   NNE
 4  20.3  28.1   14:13  12.4   06:30   0.0   2.0   0.0   3.6  20.9   15:37     N
 5  18.3  23.6   16:30  13.4   03:22   0.0   0.0   0.0   3.1  11.3   15:44   NNE
 6  19.6  23.2   12:16  14.3   07:17   0.0   1.3   0.0   6.3  27.8   12:17   NNE
 7  17.2  21.5   00:00  13.5   20:53   1.1   0.0   1.6   4.0  19.1   10:52    SE
 8  14.4  18.4   11:03  12.3   23:08   3.9   0.0   0.2   6.4  32.2   15:54    SW
 9  13.3  17.4   17:15  10.2   23:55   5.0   0.0   0.0   4.4  18.3   18:59   SSW
10  12.8  19.1   16:29   5.2   06:40   5.5   0.0   0.0   2.7  13.9   15:52   ENE
11  15.6  22.6   15:02   8.3   07:09   2.7   0.0   0.0   3.2  12.2   15:37    NE
12  17.6  21.5   18:18  11.9   03:53   0.7   0.0   0.0   5.2  23.5   11:18    NE
13  21.0  23.6   14:45  18.6   23:44   0.0   2.7   6.2   8.8  34.8   10:02    NE
14  19.7  22.9   12:40  13.5   23:59   0.0   1.4   0.0   6.1  26.1   07:33   NNE
15  14.9  21.5   14:29   7.2   07:29   3.4   0.0   0.0   2.9  12.2   17:09   NNE
16  15.6  23.1   14:56   7.9   06:44   2.7   0.0   0.0   2.2  13.0   15:28   NNE
17  16.2  16.9   14:26  14.6   23:53   2.1   0.0  37.8   5.3  27.0   21:38     S
18  17.4  22.6   12:50  14.2   07:27   0.9   0.0   5.4   3.5  18.3   01:28     S
19  20.1  26.2   16:52  16.3   04:07   0.0   1.8   0.0   2.1  10.4   14:07     N
20  21.1  26.6   14:36  17.2   00:00   0.0   2.8   0.0   2.3  11.3   17:59    NE
21  20.1  26.4   15:03  14.9   06:18   0.0   1.8   0.2   2.8  14.8   14:47    NE
22  20.1  27.1   14:18  13.6   07:12   0.0   1.8   0.0   3.2  14.8   21:11    NE
23  18.3  22.0   17:00  14.8   07:03   0.0   0.0   0.0   3.8  21.7   11:59     S
24  17.2  25.7   17:09  10.0   06:49   1.1   0.0   0.0   2.0   9.6   12:40   NNE
25  17.8  23.4   14:00  11.4   04:39   0.5   0.0   0.0   3.1  19.1   23:10    NE
26  16.8  18.7   14:09  15.2   23:55   1.5   0.0   0.4   3.1  20.9   19:01     S
27  17.9  23.8   13:00  13.2   06:24   0.4   0.0   0.0   4.2  15.7   03:11    SW
28  17.9  25.5   15:03  10.9   06:56   0.4   0.0   0.0   2.1  10.4   15:18   NNE
----------------------------------------------------------------------------------
    17.7  28.1     4     5.2    10    35.0  17.7  68.8   3.9  34.8    13      NE

Max >=  27.0:  2
Max <=   0.0:  0
Min <=   0.0:  0
Min <= -18.0:  0
Max Rain: 37.8 on day 17
Days of Rain: 9 (>= 0.2 mm)  4 (>= 2.0 mm)  1 (>= 20.0 mm)
Heat Base: 18.3  Cool Base: 18.3  Method: Integration