NOAA-Style Climate Reports

Select a Year or Month report
2018: Jan Feb Mar Apr May Jun Jul Aug Sep Oct Nov Dec
2017: Jan Feb Mar Apr May Jun Jul Aug Sep Oct Nov Dec
2016: Jan Feb Mar Apr May Jun Jul Aug Sep Oct Nov Dec
2015: Jan Feb Mar Apr May Jun Jul Aug Sep Oct Nov Dec

Report for 2017 March
                   Monthly Climatological Summary for Mar 2017

Name: Picton Weather   City: Picton   State: New Zealand
Elevation: 6 m  Lat: S 41 17 34   Lon: E 173 59 57

                  Temperature (°C), Rain (mm), Wind Speed (km/h)

                                      Heat  Cool        Avg
    Mean                              Deg   Deg         Wind                 Dom
Day Temp  High   Time   Low    Time   Days  Days  Rain  Speed High   Time    Dir
----------------------------------------------------------------------------------
01  18.6  25.6   16:57  11.7   07:18   0.0   0.3   0.0   5.9  38.7   22:20    NE
02  17.3  20.6   17:42  12.2   23:53   1.0   0.0   0.0   4.5  24.1   00:32     S
03  16.9  22.3   13:52   9.2   04:09   1.4   0.0   0.2   7.9  38.7   23:09    NE
04  19.2  26.3   12:08  12.3   23:44   0.0   0.9   0.0   5.2  29.1   00:29    SW
05  18.4  27.2   14:53  10.5   07:34   0.0   0.1   0.0   4.0  24.1   14:05    NE
06  18.9  24.7   14:46  12.8   06:01   0.0   0.6   0.0   5.3  27.4   02:21    NE
07  14.9  19.0   12:35  10.5   19:54   3.4   0.0   7.6   6.6  62.8   18:32   SSW
08  14.1  17.4   15:28  11.8   04:32   4.2   0.0   0.2  15.2  67.6   10:32    SW
09  14.1  16.7   18:19  12.3   04:31   4.2   0.0   0.0   8.9  38.7   03:23   WSW
10  18.4  25.4   17:48  11.6   07:27   0.0   0.1   0.0   6.0  24.1   02:58   SSE
11  15.7  18.9   00:00  14.5   05:00   2.6   0.0   8.4   4.3  33.9   23:43    SW
12  15.5  18.5   14:03  13.2   06:01   2.8   0.0  16.2   6.5  45.0   05:09     W
13  14.3  15.8   15:34  12.8   23:49   4.0   0.0   2.6   4.3  19.3   16:12   NNW
14  13.7  19.3   15:55   9.5   23:53   4.6   0.0   0.6   3.7  25.7   16:44    SE
15  13.2  18.4   11:32   8.9   00:58   5.1   0.0   0.0   5.6  38.7   14:07   SSE
16  13.3  22.6   16:38   6.2   07:16   5.0   0.0   0.0   3.1  16.1   13:01     N
17  15.9  23.1   14:54   8.9   06:46   2.4   0.0   0.4   4.6  29.1   16:32   NNE
18  14.4  21.5   12:03  10.9   03:49   3.9   0.0   0.0   7.7  62.8   11:02     S
19  15.2  19.7   16:24  12.1   06:04   3.1   0.0   0.0   5.6  20.9   00:30    NE
20  17.6  24.8   15:25  11.9   23:56   0.7   0.0   0.0   4.8  25.7   02:41   NNE
21  16.7  21.7   10:22   9.2   03:34   1.6   0.0   0.0   6.8  35.4   05:45   NNE
22  18.0  26.3   15:06  13.3   01:26   0.3   0.0   0.2   5.5  33.9   17:51     S
23  14.9  19.6   14:28  12.2   23:53   3.4   0.0   0.2   5.8  25.7   02:58   SSW
24  16.3  20.0   13:11  12.2   00:00   2.0   0.0   0.6   7.1  33.9   12:19   NNE
25  15.7  15.9   00:00  15.6   00:43   2.6   0.0   0.0   0.1   4.8   01:23   ESE
30  17.8  21.6   14:50  16.1   04:10   1.0   0.5   0.6   4.2  14.5   22:31   NNW
31  18.2  23.7   14:26  14.1   22:12   1.4   1.3   0.0   5.2  24.1   15:06   NNE
----------------------------------------------------------------------------------
    16.2  27.2     5     6.2    16    60.7   3.8  37.8   6.0  67.6     8      SW

Max >=  27.0  1
Max <=   0.0  0
Min <=   0.0  0
Min <= -18.0  0
Max Rain: 16.2 on day 12
Days of Rain: 12 (>= 0.2 mm)  4 (>= 2.0 mm)  0 (>= 20.0 mm)
Heat Base: 18.3  Cool Base: 18.3  Method: Integration