NOAA-Style Climate Reports

Select a Year or Month report
2018: Jan Feb Mar Apr May Jun Jul Aug Sep Oct Nov Dec
2017: Jan Feb Mar Apr May Jun Jul Aug Sep Oct Nov Dec
2016: Jan Feb Mar Apr May Jun Jul Aug Sep Oct Nov Dec
2015: Jan Feb Mar Apr May Jun Jul Aug Sep Oct Nov Dec

Report for 2017 April
                   Monthly Climatological Summary for Apr 2017

Name: Picton Weather   City: Picton   State: New Zealand
Elevation: 6 m  Lat: S 41 17 34   Lon: E 173 59 57

                  Temperature (°C), Rain (mm), Wind Speed (km/h)

                                      Heat  Cool        Avg
    Mean                              Deg   Deg         Wind                 Dom
Day Temp  High   Time   Low    Time   Days  Days  Rain  Speed High   Time    Dir
----------------------------------------------------------------------------------
01  17.6  20.1   14:54  12.7   02:47   1.3   0.6   0.0   8.4  32.2   21:46   NNE
02  19.2  24.1   11:31  13.9   05:20   0.8   1.7   1.6   7.8  33.8   00:06   NNE
03  13.0  15.8   00:00  11.8   18:32   5.3   0.0   6.4  10.1  46.7   08:51   SSW
04  13.0  14.1   21:03  11.4   23:42   5.3   0.0  15.6  11.7  56.3   20:42     S
05  12.4  13.9   11:47   9.9   03:39   5.9   0.0  90.8  15.5  77.2   15:52   SSW
06  13.4  16.5   14:30  11.5   23:42   4.9   0.0   5.2   4.4  30.6   00:26    NE
07  12.5  17.4   14:11   8.0   23:45   5.8   0.0   0.0   3.4  24.1   20:06   NNW
08  12.0  15.7   14:06   7.4   03:37   6.2   0.0   0.2   2.4  17.7   21:20    SW
09  11.2  18.4   13:41   5.8   07:12   7.1   0.0   0.2   2.8  16.1   12:20     E
28  17.6  18.9   08:41  15.1   23:53   0.8   0.1   1.8  12.4  46.7   08:52   NNE
29  15.6  18.8   13:54  13.6   07:40   2.7   0.0   0.8   3.9  33.8   13:27   NNE
30  13.9  18.9   12:17  10.3   23:54   4.4   0.0   1.8   7.3  61.2   21:02   SSE
----------------------------------------------------------------------------------
    14.3  24.1     2     5.8     9    50.5   2.4 124.4   7.4  77.2     5      SE

Max >=  27.0  0
Max <=   0.0  0
Min <=   0.0  0
Min <= -18.0  0
Max Rain: 90.8 on day 5
Days of Rain: 10 (>= 0.2 mm)  4 (>= 2.0 mm)  1 (>= 20.0 mm)
Heat Base: 18.3  Cool Base: 18.3  Method: Integration