NOAA-Style Climate Reports

Select a Year or Month report
2018: Jan Feb Mar Apr May Jun Jul Aug Sep Oct Nov Dec
2017: Jan Feb Mar Apr May Jun Jul Aug Sep Oct Nov Dec
2016: Jan Feb Mar Apr May Jun Jul Aug Sep Oct Nov Dec
2015: Jan Feb Mar Apr May Jun Jul Aug Sep Oct Nov Dec

Report for 2017 May
                   Monthly Climatological Summary for May 2017

Name: Picton Weather   City: Picton   State: New Zealand
Elevation: 6 m  Lat: S 41 17 34   Lon: E 173 59 57

                  Temperature (°C), Rain (mm), Wind Speed (km/h)

                                      Heat  Cool        Avg
    Mean                              Deg   Deg         Wind                 Dom
Day Temp  High   Time   Low    Time   Days  Days  Rain  Speed High   Time    Dir
----------------------------------------------------------------------------------
01   9.4  14.3   11:43   4.0   23:47   8.9   0.0   0.0   6.2  32.2   02:25     S
02   9.5  15.9   13:02   3.2   02:44   8.8   0.0   0.0   5.2  25.7   12:48    NE
03  14.8  17.8   12:54   9.4   01:05   3.4   0.0   2.0  13.1  69.2   15:46    NE
04  10.9  17.0   14:07   5.2   07:31   7.4   0.0   0.2   4.0  35.4   21:28    SW
05   9.1  15.8   15:05   2.9   06:55   9.2   0.0   0.2   2.2  14.5   12:54   NNE
06   9.7  16.7   15:13   4.1   06:47   8.6   0.0   0.0   2.6  16.1   11:16    NE
07  10.3  16.2   14:54   5.7   23:50   8.0   0.0   0.2   1.8  14.5   12:58    NE
08  10.3  16.7   12:41   4.4   05:57   8.0   0.0   0.2   5.0  43.5   14:24    NE
09  13.1  19.4   13:48   7.2   01:42   5.2   0.0   0.2   3.7  24.1   15:26   NNE
10  14.1  16.3   12:33  12.4   07:43   4.2   0.0   0.6   1.1  11.3   02:39     N
11  14.6  16.1   08:23  13.2   01:59   3.7   0.0  18.8   6.5  33.8   09:58     N
12  12.8  14.2   11:10  10.6   23:35   5.5   0.0   0.4  10.0  56.3   12:12   SSW
13  10.7  14.7   11:49   6.3   23:58   7.6   0.0   0.0   6.4  35.4   03:25     S
14   9.4  15.8   15:07   3.6   07:40   8.9   0.0   0.0   2.7  17.7   11:20     E
15   9.6  15.3   13:50   5.4   23:56   8.2   0.0   0.0   2.8  16.1   00:30   SSW
16   9.5  14.3   14:35   4.7   06:52   8.8   0.0   0.4   1.7  22.5   13:11    NE
17  14.0  17.5   17:10  10.3   00:00   4.3   0.0  19.2   4.2  32.2   18:32   NNE
18  12.9  16.6   00:04   8.6   20:54   5.4   0.0  15.2   6.0  49.9   06:20   SSW
19  11.2  15.0   13:56   4.4   07:15   7.1   0.0   0.0   6.4  38.6   13:00   ENE
20   5.9  11.9   00:08  -0.9   23:59  12.4   0.0   1.2   4.4  29.0   03:44   SSW
21   3.1  12.4   13:58  -1.6   07:42  15.2   0.0   0.4   2.0  12.9   12:08    SW
22   5.9  13.3   14:29  -1.0   05:29  12.4   0.0   0.0   4.0  27.4   23:07    NE
23  12.2  14.7   15:07   8.6   03:26   6.1   0.0   0.2   7.3  40.2   13:51   NNE
24  10.5  14.3   11:42   5.0   23:58   7.7   0.0   0.0   4.6  33.8   06:36     S
25   7.0  14.3   14:52   2.0   06:45  11.3   0.0   0.2   2.7  24.1   13:38   ENE
26   9.7  15.0   13:08   4.1   06:04   8.6   0.0   0.6   2.9  19.3   11:24   NNE
27  12.7  16.4   13:36  11.8   00:13   5.6   0.0  12.8   3.7  41.8   21:28   SSW
28  10.7  13.2   10:22   7.6   23:58   7.6   0.0   0.0   9.6  45.1   02:34     S
29   8.4  15.2   15:13   3.6   07:40   9.9   0.0   0.0   1.9  12.9   11:39   NNE
30  11.1  16.0   13:31   5.4   01:06   6.8   0.0   0.2   3.8  27.4   12:01    NE
31  11.3  14.9   14:14   8.9   07:58   7.0   0.0   0.0   2.8  17.7   18:29    NW
----------------------------------------------------------------------------------
    10.5  19.4     9    -1.6    21   241.8   0.0  73.2   4.6  69.2     3     ENE

Max >=  27.0  0
Max <=   0.0  0
Min <=   0.0  3
Min <= -18.0  0
Max Rain: 19.2 on day 17
Days of Rain: 19 (>= 0.2 mm)  5 (>= 2.0 mm)  0 (>= 20.0 mm)
Heat Base: 18.3  Cool Base: 18.3  Method: Integration