NOAA-Style Climate Reports

Select a Year or Month report
2018: Jan Feb Mar Apr May Jun Jul Aug Sep Oct Nov Dec
2017: Jan Feb Mar Apr May Jun Jul Aug Sep Oct Nov Dec
2016: Jan Feb Mar Apr May Jun Jul Aug Sep Oct Nov Dec
2015: Jan Feb Mar Apr May Jun Jul Aug Sep Oct Nov Dec

Report for 2017 July
                   Monthly Climatological Summary for Jul 2017

Name: Picton Weather   City: Picton   State: New Zealand
Elevation: 6 m  Lat: S 41 17 34   Lon: E 173 59 57

                  Temperature (°C), Rain (mm), Wind Speed (km/h)

                                      Heat  Cool        Avg
    Mean                              Deg   Deg         Wind                 Dom
Day Temp  High   Time   Low    Time   Days  Days  Rain  Speed High   Time    Dir
----------------------------------------------------------------------------------
01  12.8  14.1   23:04  12.1   00:00   5.1   0.0  29.6  13.3  43.5   04:24   NNE
02  10.9  14.8   12:53   7.7   21:50   7.0   0.0   3.6   1.7  17.7   00:17   NNE
03   9.3  12.9   12:05   6.2   08:12   9.0   0.0   0.8   2.0  20.9   15:59     S
04   7.7  15.4   13:36   1.9   23:59  10.6   0.0   0.2   2.4  22.5   13:57    SW
05   4.0  11.6   14:58  -0.4   07:54  14.3   0.0   0.4   1.5  11.3   12:04   WNW
06   4.9  11.3   13:40  -0.2   04:28  13.4   0.0   0.6   4.3  27.4   17:54   SSW
07   6.9   8.1   13:52   5.8   04:32  11.4   0.0   3.6   9.5  35.4   03:36   SSW
08   6.8  12.4   14:25   1.8   08:07  11.5   0.0   0.0   2.2  17.7   00:37    NE
09   8.5  12.3   15:43   5.4   02:45   9.8   0.0   0.4   6.0  29.0   18:37   SSW
10   6.5  13.1   15:05   2.3   05:47  11.8   0.0   0.2   2.0  17.7   14:55    NE
11   6.5  13.4   14:52   1.4   04:32  11.8   0.0   0.2   2.0  25.7   21:24   SSW
12   6.8   9.3   14:04   5.2   05:25  11.5   0.0   2.4  14.4  62.8   20:55   SSW
13   7.4   9.3   12:22   5.4   03:36  10.9   0.0   6.6  21.2  77.2   10:48     S
14   7.9  10.8   14:33   2.2   23:54  10.4   0.0   4.6  11.3  61.2   02:40     S
15   3.6  11.8   15:16  -1.1   07:45  14.7   0.0   0.4   1.5  11.3   12:10    NW
16   6.9  13.7   14:52  -1.4   07:30  11.4   0.0   0.6   3.7  32.2   16:27   NNE
17  11.6  14.2   14:45   7.0   23:51   6.7   0.0   9.4   5.5  35.4   04:45     N
18   7.3  11.6   15:15   3.6   07:22  11.0   0.0   0.2   1.5  14.5   13:45     N
19   7.6  11.8   23:41   2.4   07:50  10.7   0.0   0.8   1.2  14.5   11:24   NNE
20  11.6  13.8   15:08  10.0   23:34   6.7   0.0   5.6   5.7  35.4   22:54   ESE
21  11.8  13.6   12:03  10.1   00:00   6.5   0.0  22.0  13.0  57.9   11:51   NNE
22  11.0  15.5   13:05   6.8   23:25   7.3   0.0   1.0   4.7  35.4   14:45   SSW
23   8.2  10.9   10:48   6.3   01:00  10.1   0.0   0.0   1.7  17.7   13:05     N
24   9.4  16.0   13:29   4.4   07:53   8.9   0.0   0.0   3.3  27.4   10:20     N
25   7.3  15.6   15:11   2.7   07:59  11.0   0.0   0.4   1.8  16.1   12:18    NW
26   7.3  14.9   13:30   0.7   06:44  11.0   0.0   0.2   3.2  35.4   15:10   NNE
27  10.9  12.7   00:00   8.1   23:54   7.4   0.0  10.0   5.4  37.0   02:45    NE
28   7.0  10.6   12:37   1.6   23:12  11.3   0.0   0.2   8.9  59.5   06:43     S
29   2.7  10.3   15:03  -2.6   07:55  15.6   0.0   0.0   1.4  14.5   14:24     N
30   3.3  10.9   14:43  -2.5   07:19  15.0   0.0   0.4   2.5  16.1   12:52   NNE
31   8.1  12.8   12:30   0.1   02:02  10.2   0.0   0.4   8.1  41.8   14:16     N
----------------------------------------------------------------------------------
     7.8  16.0    24    -2.6    29   324.0   0.0 104.8   5.4  77.2    13       S

Max >=  27.0  0
Max <=   0.0  0
Min <=   0.0  6
Min <= -18.0  0
Max Rain: 29.6 on day 1
Days of Rain: 27 (>= 0.2 mm)  10 (>= 2.0 mm)  2 (>= 20.0 mm)
Heat Base: 18.3  Cool Base: 18.3  Method: Integration