NOAA-Style Climate Reports

Select a Year or Month report
2018: Jan Feb Mar Apr May Jun Jul Aug Sep Oct Nov Dec
2017: Jan Feb Mar Apr May Jun Jul Aug Sep Oct Nov Dec
2016: Jan Feb Mar Apr May Jun Jul Aug Sep Oct Nov Dec
2015: Jan Feb Mar Apr May Jun Jul Aug Sep Oct Nov Dec

Report for 2017 August
                   Monthly Climatological Summary for Aug 2017

Name: Picton Weather   City: Picton   State: New Zealand
Elevation: 6 m  Lat: S 41 17 34   Lon: E 173 59 57

                  Temperature (°C), Rain (mm), Wind Speed (km/h)

                                      Heat  Cool        Avg
    Mean                              Deg   Deg         Wind                 Dom
Day Temp  High   Time   Low    Time   Days  Days  Rain  Speed High   Time    Dir
----------------------------------------------------------------------------------
01  10.8  13.5   13:02   9.0   08:13   7.5   0.0   1.6   4.5  32.2   16:02     S
02   8.3   9.3   11:13   7.7   06:39  10.0   0.0   3.2   8.1  49.9   10:57     S
03   8.0   9.9   12:29   6.9   23:57  10.3   0.0   0.0  10.4  48.3   21:27   SSE
04   7.0  11.3   13:01   4.3   03:05  11.3   0.0   0.0   8.4  30.6   06:22     S
05   7.9  12.9   12:35   3.6   22:03  10.4   0.0   0.0   4.4  24.1   01:12    SE
06  10.0  14.1   14:58   3.4   00:31   8.3   0.0  10.6   6.7  40.2   15:48   NNE
07  10.6  16.9   13:47   5.2   07:09   7.7   0.0   0.2   3.8  33.8   10:04     N
08  11.2  14.6   16:48   7.4   02:24   7.1   0.0   9.6   4.9  30.6   16:45     N
09  13.3  14.6   22:54  11.7   20:16   5.0   0.0  17.8   4.5  30.6   23:51     N
10  10.6  14.1   00:00   7.0   23:21   7.7   0.0   1.6   5.0  45.1   14:17   NNE
11  10.3  16.7   13:49   4.3   06:35   8.0   0.0   0.2   5.2  32.2   22:09     N
12  13.1  17.9   14:47   6.1   07:24   5.2   0.0   0.0   6.5  61.2   13:36   ENE
13  12.6  15.2   13:45   8.8   23:05   5.7   0.0   0.6   7.9  48.3   12:40   NNE
14   8.6  13.1   13:08   5.6   07:47   9.7   0.0  15.2   3.0  35.4   02:52   SSW
15   8.0  13.1   13:38   2.9   07:35  10.3   0.0   0.2   4.1  25.7   12:38   NNE
16  10.9  14.8   23:57   5.0   06:55   6.6   0.0   2.0   5.5  37.0   23:52   NNE
17  15.0  17.2   14:12  13.5   03:26   3.3   0.0  21.6  16.0  67.6   06:34     N
18  13.0  16.1   13:29   6.9   23:06   5.3   0.0   0.0   8.5  35.4   14:50     N
19   9.1  11.5   23:00   5.6   04:36   9.2   0.0   3.8   5.5  32.2   23:59     S
20   9.8  14.3   12:39   4.2   23:38   8.5   0.0  10.6   7.4  56.3   05:55     S
21   6.8  13.7   13:22   1.9   05:53  11.5   0.0   0.2   3.8  32.2   16:25    SE
22   6.1  13.1   12:50   0.8   23:53  12.2   0.0   0.0   3.0  22.5   03:32    SW
23   6.4  13.6   14:30  -0.6   06:49  11.9   0.0   0.2   3.7  25.7   15:32    NE
24  10.0  15.3   13:57   3.9   06:29   8.3   0.0   0.0   4.9  27.4   13:58    NE
25  11.8  16.6   13:42   6.6   07:12   6.5   0.0   0.0   7.7  35.4   13:47    NE
26  10.5  16.3   11:49   5.9   05:06   7.8   0.0   0.2   6.2  35.4   13:35    NE
27  11.6  15.0   11:15   6.3   00:41   6.7   0.0   0.2   5.5  29.0   10:55   NNE
28  13.1  15.3   16:05  10.0   00:00   5.2   0.0  11.4   9.0  37.0   16:01   NNE
29  13.3  16.8   15:27   9.8   21:51   5.0   0.0   0.6   4.3  22.5   12:08   NNE
30  11.0  12.8   12:18   9.5   23:55   7.3   0.0   0.4   4.9  27.4   16:21     S
31  10.4  12.9   14:39   9.3   04:07   7.9   0.0  14.8   6.6  33.8   22:16   SSW
----------------------------------------------------------------------------------
    10.3  17.9    12    -0.6    23   247.4   0.0 126.8   6.1  67.6    17      NE

Max >=  27.0  0
Max <=   0.0  0
Min <=   0.0  1
Min <= -18.0  0
Max Rain: 21.6 on day 17
Days of Rain: 23 (>= 0.2 mm)  11 (>= 2.0 mm)  1 (>= 20.0 mm)
Heat Base: 18.3  Cool Base: 18.3  Method: Integration