NOAA-Style Climate Reports

Select a Year or Month report
2018: Jan Feb Mar Apr May Jun Jul Aug Sep Oct Nov Dec
2017: Jan Feb Mar Apr May Jun Jul Aug Sep Oct Nov Dec
2016: Jan Feb Mar Apr May Jun Jul Aug Sep Oct Nov Dec
2015: Jan Feb Mar Apr May Jun Jul Aug Sep Oct Nov Dec

Report for 2017 December
                   Monthly Climatological Summary for Dec 2017

Name: Picton Weather   City: Picton   State: New Zealand
Elevation: 6 m  Lat: S 41 17 35   Lon: E 173 59 58

                  Temperature (°C), Rain (mm), Wind Speed (km/h)

                                      Heat  Cool        Avg
    Mean                              Deg   Deg         Wind                 Dom
Day Temp  High   Time   Low    Time   Days  Days  Rain  Speed High   Time    Dir
----------------------------------------------------------------------------------
01  18.1  25.2   15:27  10.1   05:57   2.5   2.4   0.0   6.1  27.4   15:09    NE
02  18.8  23.8   13:41  13.3   06:04   1.6   2.1   0.0   8.1  35.4   13:16    NE
03  19.5  25.7   15:12  12.1   06:09   1.7   2.8   0.0   5.3  27.4   15:32    NE
04  19.4  24.6   16:41  14.6   02:24   1.1   2.2   0.0   5.7  24.1   17:34   NNE
05  18.7  25.4   11:39  12.2   05:55   1.9   2.3   0.0   4.5  27.4   15:23   NNW
06  20.1  26.8   14:50  14.6   06:11   0.9   2.7   0.0   6.6  32.2   13:55     S
07  20.8  26.9   15:20  14.8   06:47   1.0   3.5   0.0   8.1  30.6   18:31    NE
08  21.2  25.9   14:50  15.2   04:19   0.7   3.6   0.0  11.4  49.9   15:35   NNE
09  21.2  24.8   14:10  16.2   04:40   0.2   3.1   0.0  11.2  51.5   13:59   NNE
10  20.7  23.3   14:03  14.6   23:56   0.2   2.5   1.6  10.6  43.5   02:19    NE
11  20.2  26.9   14:39  12.4   03:16   1.2   3.2   0.0   8.6  41.8   05:06   NNE
12  19.0  28.6   10:55  12.1   06:09   1.7   2.4   0.0   5.9  30.6   12:09     S
13  16.1  22.6   13:21  12.7   06:03   2.6   0.4   9.8   5.5  35.4   18:40   SSW
14  15.9  20.5   14:51  11.3   23:57   2.8   0.4   0.8   7.8  40.2   03:48   SSW
15  17.4  23.8   14:15   9.6   04:54   2.8   2.0   0.2   7.9  41.8   12:33    NE
16  19.8  26.2   16:42  14.1   02:15   1.3   2.8   0.0   3.7  20.9   12:09   NNE
17  20.5  27.8   15:48  13.0   05:40   1.4   3.6   0.0   5.1  29.0   16:07    NE
18  16.8  19.7   04:55  14.6   23:55   1.5   0.0   0.0   7.2  51.5   13:38   SSE
19  16.9  21.8   17:45  10.1   05:38   2.4   1.0   0.2   6.4  59.5   17:36    NE
20  15.5  21.6   10:45   9.7   06:04   3.3   0.5   0.2   7.4  38.6   00:25   SSE
21  17.5  23.5   18:07  10.3   06:06   2.2   1.4   0.0   6.5  35.4   12:01    NE
22  17.5  19.6   14:31  14.2   23:56   0.9   0.1   0.0   8.7  54.7   03:41     S
23  18.4  24.9   15:43  12.9   05:50   1.9   2.0   0.0   7.7  27.4   08:29    SW
24  19.4  24.3   14:00  12.6   04:15   1.5   2.6   0.0   9.5  40.2   19:15    NE
25  20.9  22.8   16:21  18.7   12:25   0.0   2.6   0.4  13.6  53.1   18:47    NE
26  15.3  19.3   01:47  10.9   23:02   3.0   0.1  14.8   6.3  45.1   20:26   SSW
27  13.5  17.2   15:09  10.9   04:43   4.8   0.0   0.2   9.4  43.5   16:01   SSE
28  13.0  17.6   10:06   7.7   04:26   5.3   0.0   0.0   6.8  51.5   14:51    SE
29  14.4  17.9   12:35   9.9   02:23   3.9   0.0   0.0   7.4  38.6   11:56   SSE
30  15.6  21.3   17:17   7.9   05:26   3.4   0.7   0.0   6.5  27.4   13:19    NE
31  18.2  22.2   11:00  12.9   03:35   1.1   1.0   0.6   8.1  41.8   14:16    NE
----------------------------------------------------------------------------------
    18.1  28.6    12     7.7    28    60.8  54.0  28.8   7.5  59.5    19     ENE

Max >=  27.0  2
Max <=   0.0  0
Min <=   0.0  0
Min <= -18.0  0
Max Rain: 14.8 on day 26
Days of Rain: 10 (>= 0.2 mm)  2 (>= 2.0 mm)  0 (>= 20.0 mm)
Heat Base: 18.3  Cool Base: 18.3  Method: Integration