NOAA-Style Climate Reports

Select a Year or Month report
2018: Jan Feb Mar Apr May Jun Jul Aug Sep Oct Nov Dec
2017: Jan Feb Mar Apr May Jun Jul Aug Sep Oct Nov Dec
2016: Jan Feb Mar Apr May Jun Jul Aug Sep Oct Nov Dec
2015: Jan Feb Mar Apr May Jun Jul Aug Sep Oct Nov Dec

Report for 2018 January
                   Monthly Climatological Summary for Jan 2018

Name: Picton Weather   City: Picton   State: New Zealand
Elevation: 6 m  Lat: S 41 17 35   Lon: E 173 59 58

                  Temperature (°C), Rain (mm), Wind Speed (km/h)

                                      Heat  Cool        Avg
    Mean                              Deg   Deg         Wind                 Dom
Day Temp  High   Time   Low    Time   Days  Days  Rain  Speed High   Time    Dir
----------------------------------------------------------------------------------
01  18.6  23.4   17:10  15.6   07:12   0.7   1.1   0.6   3.0  20.9   14:09   NNE
02  20.8  25.1   17:17  17.3   06:40   0.2   2.7   0.8   4.2  29.0   11:26   NNE
03  21.7  26.6   16:22  16.2   04:52   0.3   3.7   0.0   5.0  27.4   17:50    NE
04  20.3  25.4   15:34  15.2   05:45   0.6   2.5   6.2   4.3  25.7   23:20   NNE
05  18.5  22.5   11:57  16.2   06:55   0.6   0.8  31.6   6.7  33.8   01:51   SSW
06  16.5  22.8   09:16  12.1   22:19   2.5   0.7   3.0   4.0  32.2   14:06     S
07  15.3  20.3   16:41  10.6   06:23   3.3   0.3   0.6   4.8  30.6   12:38    NE
08  18.6  25.5   16:33  11.8   06:20   1.7   2.0   0.6   4.5  22.5   14:11   NNE
09  20.2  25.9   13:03  13.8   06:31   1.2   3.1   0.0   4.2  25.7   12:51    NE
10  19.3  24.7   11:09  15.6   22:52   0.6   1.6  18.8   3.0  20.9   15:06   NNE
11  16.0  18.7   16:42  14.4   06:52   2.3   0.0   2.8   3.0  25.7   20:54   SSW
12  15.3  18.1   15:41  14.1   05:52   3.0   0.0   1.2   8.8  32.2   16:07   SSW
13  18.6  23.1   12:47  14.3   00:30   1.3   1.5   2.2   5.8  30.6   17:12   ENE
14  21.0  27.2   15:43  14.4   04:57   0.9   3.7   0.0   4.9  25.7   16:04    NE
15  21.2  28.0   17:00  14.7   06:12   0.8   3.8   0.0   4.2  25.7   16:34    NE
16  21.2  26.5   16:25  16.7   05:17   0.3   3.2   0.0   4.0  25.7   12:09    NE
17  19.7  22.1   02:36  18.0   23:56   0.0   1.5  13.6   8.8  32.2   02:15   NNE
18  19.5  22.8   14:16  17.0   23:59   0.1   1.4  12.0   7.8  35.4   06:24   NNE
19  20.4  25.7   17:23  14.4   05:54   0.9   3.0   0.2   4.5  22.5   15:48    NE
20  21.7  27.5   13:58  15.9   04:59   0.6   4.0   0.2   8.3  37.0   10:48    NE
21  21.5  25.7   14:54  16.8   06:39   0.2   3.4   0.0   5.6  24.1   18:27   NNE
22  21.5  25.5   17:03  18.7   03:43   0.0   3.2   0.8   4.7  24.1   15:20    NE
23  21.7  27.3   16:32  15.8   06:24   0.4   3.8   0.0   4.6  20.9   14:31     N
24  22.2  27.9   14:27  18.9   06:53   0.0   3.9   0.0   5.1  20.9   11:51     N
25  22.3  26.8   16:57  19.1   01:04   0.0   4.0   0.0   4.5  20.9   14:07     N
26  20.8  24.6   11:52  18.6   20:26   0.0   2.5   0.0   8.9  41.8   17:55   SSE
27  21.4  26.8   16:37  17.8   01:29   0.1   3.2   0.0   6.2  27.4   21:16   SSW
28  21.0  26.9   12:07  15.2   06:19   0.4   3.2   0.0   5.8  27.4   17:00   SSW
29  22.8  28.9   16:01  18.3   04:18   0.0   4.5   0.0   5.2  22.5   00:32   ENE
30  22.8  28.9   14:40  16.9   05:09   0.2   4.7   0.0   6.4  30.6   17:19   NNE
31  21.5  25.6   10:54  16.3   04:50   0.4   3.5   0.0  10.3  48.3   10:49    NE
----------------------------------------------------------------------------------
    20.1  28.9    29    10.6     7    23.6  80.5  95.2   5.5  48.3    31      NE

Max >=  27.0  7
Max <=   0.0  0
Min <=   0.0  0
Min <= -18.0  0
Max Rain: 31.6 on day 5
Days of Rain: 16 (>= 0.2 mm)  8 (>= 2.0 mm)  1 (>= 20.0 mm)
Heat Base: 18.3  Cool Base: 18.3  Method: Integration