NOAA-Style Climate Reports

Select a Year or Month report
2018: Jan Feb Mar Apr May Jun Jul Aug Sep Oct Nov Dec
2017: Jan Feb Mar Apr May Jun Jul Aug Sep Oct Nov Dec
2016: Jan Feb Mar Apr May Jun Jul Aug Sep Oct Nov Dec
2015: Jan Feb Mar Apr May Jun Jul Aug Sep Oct Nov Dec

Report for 2018 February
                   Monthly Climatological Summary for Feb 2018

Name: Picton Weather   City: Picton   State: New Zealand
Elevation: 6 m  Lat: S 41 17 35   Lon: E 173 59 57

                  Temperature (°C), Rain (mm), Wind Speed (km/h)

                                      Heat  Cool        Avg
    Mean                              Deg   Deg         Wind                 Dom
Day Temp  High   Time   Low    Time   Days  Days  Rain  Speed High   Time    Dir
----------------------------------------------------------------------------------
01  21.9  23.9   00:00  19.4   23:36   0.0   3.6  21.2  23.7  75.6   11:33   NNE
02  17.5  21.4   10:55  13.9   19:10   1.5   0.6   0.0   9.8  57.9   00:35   SSE
03  14.9  17.7   11:36  13.9   06:28   3.4   0.0   0.0   9.8  45.1   05:29   SSW
04  16.3  20.8   17:57  10.3   04:30   2.6   0.6   0.0   5.3  33.8   16:49    NE
05  19.5  22.9   16:41  14.2   01:09   0.6   1.8   0.0  12.3  48.3   15:38    NE
06  16.5  23.6   11:21  12.7   06:54   2.2   0.4   0.0   7.2  46.7   14:15   SSE
07  16.0  20.3   14:36  13.3   03:51   2.5   0.1   0.0   8.8  35.4   16:59     S
08  17.0  22.6   15:34  12.8   23:59   1.9   0.7   0.0   6.9  30.6   04:33     S
09  16.9  24.8   17:16   9.2   06:21   3.2   1.8   0.0   3.7  22.5   14:19   NNE
10  17.9  21.4   18:33  13.8   01:14   1.3   0.9   2.0   2.0  24.1   08:52   SSW
11  19.3  21.4   21:08  17.7   06:00   0.1   1.1  30.2   2.7  17.7   13:43   NNE
12  23.3  26.9   14:26  18.8   23:58   0.0   5.0   0.2   9.7  35.4   14:29   NNE
13  21.2  27.9   14:27  14.4   06:59   0.9   3.8   0.0   5.4  27.4   14:42   NNE
14  19.9  24.3   13:46  14.9   23:58   0.3   1.9   0.0   3.8  33.8   15:31   SSE
15  18.5  24.2   13:02  12.0   06:50   1.8   2.1   0.0   6.1  40.2   15:03    NE
16  20.9  26.5   14:26  14.7   06:56   0.9   3.4   0.0   7.1  43.5   16:17   NNE
17  22.2  25.8   14:34  16.6   00:59   0.1   4.0   0.0  11.7  54.7   13:13   NNE
18  21.1  26.4   14:07  15.2   05:34   0.8   3.6   0.0   7.6  43.5   11:31    NE
19  21.3  25.4   15:30  14.8   03:46   0.4   3.4   0.0   6.9  41.8   07:28    NE
20  17.1  20.4   00:00  15.3   23:59   1.4   0.1  74.8   7.5  41.8   16:57   SSW
21  18.2  22.2   13:00  12.4   23:56   1.0   0.9   8.4   8.4  49.9   16:16    NE
22  14.0  18.6   14:11   9.8   06:46   4.3   0.0  17.2   6.8  33.8   00:52     S
23  16.5  23.0   17:03   9.9   06:57   3.0   1.2   0.0   4.5  25.7   18:42   ENE
24  17.3  23.5   15:57  10.8   06:55   2.5   1.5   0.0   3.7  22.5   15:08    NE
25  18.9  22.3   16:08  13.2   02:33   0.9   1.5   0.0  13.3  51.5   08:40   NNE
26  16.3  20.2   02:11  12.8   09:09   2.3   0.3  32.2   9.2  48.3   04:06    SE
27  14.6  17.4   13:49  12.3   22:02   3.7   0.0   5.4   8.1  59.5   01:22     S
28  15.7  20.9   16:41  12.3   00:00   3.0   0.4   2.9   1.1  19.3   00:25   SSW
----------------------------------------------------------------------------------
    18.2  27.9    13     9.2     9    46.6  44.7 194.5   7.6  75.6     1     ENE

Max >=  27.0  1
Max <=   0.0  0
Min <=   0.0  0
Min <= -18.0  0
Max Rain: 74.8 on day 20
Days of Rain: 10 (>= 0.2 mm)  9 (>= 2.0 mm)  4 (>= 20.0 mm)
Heat Base: 18.3  Cool Base: 18.3  Method: Integration