NOAA-Style Climate Reports

Select a Year or Month report
2018: Jan Feb Mar Apr May Jun Jul Aug Sep Oct Nov Dec
2017: Jan Feb Mar Apr May Jun Jul Aug Sep Oct Nov Dec
2016: Jan Feb Mar Apr May Jun Jul Aug Sep Oct Nov Dec
2015: Jan Feb Mar Apr May Jun Jul Aug Sep Oct Nov Dec

Report for 2018 March
                   Monthly Climatological Summary for Mar 2018

Name: Picton Weather   City: Picton   State: New Zealand
Elevation: 6 m  Lat: S 41 17 35   Lon: E 173 59 57

                  Temperature (°C), Rain (mm), Wind Speed (km/h)

                                      Heat  Cool        Avg
    Mean                              Deg   Deg         Wind                 Dom
Day Temp  High   Time   Low    Time   Days  Days  Rain  Speed High   Time    Dir
----------------------------------------------------------------------------------
01  18.8  24.6   15:33  14.3   04:29   1.3   1.9   0.2   2.7  22.5   16:14   NNE
02  19.4  24.3   16:27  15.8   01:43   0.8   1.8   0.7   1.6  17.7   14:16   NNE
03  20.1  26.3   16:17  15.3   06:52   0.9   2.7   0.2   3.3  25.7   14:45   NNE
04  19.6  25.1   16:50  15.1   01:49   1.0   2.4   0.0   3.8  24.1   14:15   NNE
05  19.9  25.2   13:26  14.9   04:10   0.9   2.4   0.0   3.8  24.1   15:09    NE
06  18.0  22.8   12:47  14.5   05:45   1.2   1.0   0.2   5.5  53.1   22:33   SSW
07  14.8  15.9   00:00  13.8   23:29   3.5   0.0  12.2  14.6  77.2   13:26   SSW
08  15.5  17.2   10:27  14.1   01:18   2.8   0.0   0.2  12.1  83.7   04:58     S
09  15.9  20.9   13:19  13.7   23:22   2.6   0.2   0.0  12.4  64.4   16:11     S
10  14.8  18.4   13:40   9.8   23:58   3.5   0.0   0.0   7.7  45.1   00:40     S
11  13.3  21.6   16:32   6.7   05:56   5.3   0.4   0.0   2.4  17.7   17:02     N
12  16.3  22.2   14:54  10.1   03:02   2.9   0.9   0.2   4.4  24.1   12:10   NNE
13  17.9  25.8   12:55  11.2   06:55   2.6   2.1   0.2   3.8  41.8   11:03     N
14  16.0  22.1   15:47   8.2   07:48   3.2   0.8   0.0   4.8  32.2   22:00    NE
15  18.3  23.2   13:35  11.3   06:20   1.5   1.5   0.0   9.7  46.7   12:08   NNE
16  18.5  25.1   16:59  13.2   23:09   1.2   1.4   0.0   6.8  51.5   17:44   ESE
17  14.1  16.8   11:56  12.2   05:12   4.2   0.0   0.0  10.2  41.8   04:02     S
18  14.8  20.4   16:17   9.7   08:08   3.8   0.4   0.0   4.7  20.9   02:26    SE
19  15.4  22.6   15:20   9.0   04:10   3.9   1.0   0.0   4.1  25.7   14:03   NNE
20  17.8  22.9   13:50  11.9   07:30   2.2   1.6   0.2   8.0  37.0   14:12   NNE
21  19.6  23.4   14:53  14.6   07:45   0.6   2.0   0.0   6.4  35.4   15:38   NNE
22  14.0  19.3   00:00  11.2   23:52   4.4   0.0  29.0   4.7  35.4   18:25   SSW
23  11.9  15.2   16:47  10.6   03:14   6.4   0.0   8.2   6.1  29.0   06:15   SSW
24  14.5  17.3   14:17  12.6   01:03   3.8   0.0  17.3   1.3  16.1   14:48   NNE
25  15.6  20.9   14:50  11.4   05:30   3.2   0.5   0.2   4.1  43.5   13:34   NNE
26  16.7  21.5   13:41  10.9   05:13   2.5   0.9   0.2   7.4  38.6   14:27   NNE
27  19.4  22.8   16:49  13.3   07:44   0.6   1.7   1.9   9.7  51.5   13:44    NE
28  18.6  22.6   16:52  13.5   23:29   0.9   1.1   6.7   4.9  32.2   00:07    NE
29  14.9  21.5   14:16  10.8   06:46   3.8   0.4   0.2   1.9  25.7   15:22     E
30  14.3  21.3   16:22   8.2   07:26   4.5   0.5   0.2   2.4  16.1   14:06   NNE
31  16.3  22.0   17:33  11.1   07:41   2.8   0.8   0.5   7.7  43.5   11:31    NE
----------------------------------------------------------------------------------
    16.6  26.3     3     6.7    11    82.8  30.4  78.7   5.9  83.7     8       E

Max >=  27.0  0
Max <=   0.0  0
Min <=   0.0  0
Min <= -18.0  0
Max Rain: 29.0 on day 22
Days of Rain: 19 (>= 0.2 mm)  5 (>= 2.0 mm)  1 (>= 20.0 mm)
Heat Base: 18.3  Cool Base: 18.3  Method: Integration