NOAA-Style Climate Reports

Select a Year or Month report
2018: Jan Feb Mar Apr May Jun Jul Aug Sep Oct Nov Dec
2017: Jan Feb Mar Apr May Jun Jul Aug Sep Oct Nov Dec
2016: Jan Feb Mar Apr May Jun Jul Aug Sep Oct Nov Dec
2015: Jan Feb Mar Apr May Jun Jul Aug Sep Oct Nov Dec

Report for 2018 April
                   Monthly Climatological Summary for Apr 2018

Name: Picton Weather   City: Picton   State: New Zealand
Elevation: 6 m  Lat: S 41 17 35   Lon: E 173 59 57

                  Temperature (°C), Rain (mm), Wind Speed (km/h)

                                      Heat  Cool        Avg
    Mean                              Deg   Deg         Wind                 Dom
Day Temp  High   Time   Low    Time   Days  Days  Rain  Speed High   Time    Dir
----------------------------------------------------------------------------------
01  13.8  20.0   14:38   7.8   07:08   4.9   0.2   0.0   3.1  24.1   14:20   NNE
02  16.5  21.1   14:08   9.0   01:09   2.5   0.7   0.0   8.4  37.0   16:40   NNE
03  19.4  23.6   15:37  13.1   23:48   0.9   2.1   0.0   7.5  43.5   04:47   NNE
04  17.4  24.2   13:22  11.9   03:15   2.4   1.5   0.0   5.9  46.7   10:05   WNW
05  15.1  21.1   14:15  10.1   04:45   3.6   0.4   0.0   2.7  24.1   08:53     S
06  16.2  21.4   13:05   9.8   04:47   2.8   0.7   0.2   7.6  40.2   13:17    NE
07  15.5  23.2   11:05  11.9   23:37   3.1   0.3   0.0   5.9  41.8   13:29    SE
08  14.4  19.6   15:20  10.7   02:57   4.0   0.1   0.0   3.5  41.8   18:08   NNE
09  14.0  18.0   11:00  10.9   22:32   4.3   0.0  20.2   4.5  37.0   04:21     S
10   8.4  11.2   01:34   6.7   14:55   9.9   0.0  47.5  17.2  88.5   18:10     S
11   8.6  14.4   12:01   3.4   23:53   9.7   0.0   0.0   7.0  43.5   13:32   SSW
12   9.0  15.2   15:05   1.2   07:31   9.3   0.0   0.0   3.9  29.0   14:36   NNE
13   9.6  15.7   12:25   2.9   05:56   8.7   0.0   0.2   1.8  22.5   13:45   NNE
14  11.2  13.8   15:02   9.9   03:49   7.1   0.0   0.0   7.4  35.4   16:38   SSW
15  12.8  16.7   11:39   9.3   03:14   5.5   0.0   1.9   5.4  22.5   10:28    SE
16  16.0  20.5   12:14   8.4   23:51   2.5   0.3  29.8   6.5  45.1   07:50    NE
17  15.1  20.2   14:10   7.9   00:39   3.5   0.3   1.9   8.0  48.3   08:44    NE
18  12.3  16.7   15:06   5.4   23:59   6.0   0.0   0.0   4.7  40.2   01:21     N
19  13.0  20.1   14:43   4.8   07:02   5.4   0.2   0.0   6.9  38.6   21:32    NE
20  16.6  19.3   15:13  11.4   23:44   1.8   0.1   0.0   8.1  43.5   01:44    NE
21  16.7  20.8   14:43  10.2   02:15   2.1   0.4   0.0   8.1  48.3   11:27    NE
22  11.7  16.2   14:03   7.1   23:55   6.6   0.0   0.0   5.8  35.4   02:09    SE
23  10.7  16.6   13:57   6.3   01:39   7.6   0.0   0.2   2.9  17.7   09:21   NNE
24  11.7  18.9   14:52   5.7   03:21   6.7   0.0   0.2   4.2  37.0   12:32   NNE
25  10.4  18.8   14:33   4.3   07:09   7.9   0.0   0.2   1.7  17.7   14:39    NW
26  11.3  18.2   15:01   6.2   07:07   7.0   0.0   0.5   2.3  14.5   04:39   NNW
27  13.1  17.7   11:36   7.2   01:49   5.2   0.0   0.2   5.7  40.2   11:51   NNE
28  13.9  16.9   14:00  11.8   07:15   4.4   0.0   5.8   5.0  35.4   20:24   SSW
29  14.1  16.2   14:22  12.9   23:46   4.2   0.0  10.8   6.8  30.6   07:37   SSW
30  13.1  15.2   11:56  11.1   23:59   5.2   0.0   0.5   5.6  33.8   14:25     S
----------------------------------------------------------------------------------
    13.4  24.2     4     1.2    12   154.8   7.3 120.1   5.8  88.5    10     ENE

Max >=  27.0  0
Max <=   0.0  0
Min <=   0.0  0
Min <= -18.0  0
Max Rain: 47.5 on day 10
Days of Rain: 15 (>= 0.2 mm)  5 (>= 2.0 mm)  3 (>= 20.0 mm)
Heat Base: 18.3  Cool Base: 18.3  Method: Integration