NOAA-Style Climate Reports

Select a Year or Month report
2018: Jan Feb Mar Apr May Jun Jul Aug Sep Oct Nov Dec
2017: Jan Feb Mar Apr May Jun Jul Aug Sep Oct Nov Dec
2016: Jan Feb Mar Apr May Jun Jul Aug Sep Oct Nov Dec
2015: Jan Feb Mar Apr May Jun Jul Aug Sep Oct Nov Dec

Report for 2018 May
                   Monthly Climatological Summary for May 2018

Name: Picton Weather   City: Picton   State: New Zealand
Elevation: 6 m  Lat: S 41 17 35   Lon: E 173 59 57

                  Temperature (°C), Rain (mm), Wind Speed (km/h)

                                      Heat  Cool        Avg
    Mean                              Deg   Deg         Wind                 Dom
Day Temp  High   Time   Low    Time   Days  Days  Rain  Speed High   Time    Dir
----------------------------------------------------------------------------------
01  13.2  17.3   12:39  10.4   04:40   5.1   0.0   0.0   3.9  30.6   22:41     S
02  11.8  14.6   00:33   6.2   23:54   6.5   0.0   0.0   6.6  46.7   01:16     S
03   9.3  17.5   15:12   3.5   07:05   9.0   0.0   0.5   1.6  17.7   20:28     N
04  11.6  16.7   15:13   7.4   00:52   6.7   0.0   0.0   1.9  20.9   18:05   NNE
05  14.3  17.2   14:32   8.7   02:03   3.9   0.0   5.8   9.7  40.2   11:05   NNE
06  15.8  19.4   12:11  11.0   07:51   2.5   0.1   5.5   6.5  38.6   21:23   ENE
07  12.4  19.8   13:59   5.7   06:30   6.0   0.1   0.0   4.6  35.4   11:54   WNW
08  12.9  20.3   12:11   7.2   07:20   5.5   0.1   0.0   4.6  32.2   12:45   NNE
09  14.4  21.7   13:54   8.6   23:13   4.5   0.6   0.0   3.5  35.4   01:34     E
10  11.6  16.7   14:36   7.8   03:10   6.7   0.0   0.5   1.0  14.5   12:13    NE
11  15.1  18.6   23:16  12.5   00:00   3.2   0.0   7.2   5.1  32.2   22:36    NE
12  13.6  18.5   00:00  10.9   20:39   4.7   0.0   1.4   8.2  45.1   14:21   SSE
13  10.7  13.8   16:05   8.7   05:36   7.6   0.0  27.4   9.5  45.1   06:34   SSW
14  12.8  14.8   12:32  11.5   20:49   5.5   0.0   5.0   6.6  32.2   04:37     S
15  12.9  14.4   13:26  11.9   00:00   5.4   0.0  17.5   4.5  20.9   01:46     S
16  13.0  17.1   14:19   9.2   23:58   5.3   0.0  44.2   2.7  32.2   16:30    SW
17   9.4  14.4   14:24   5.2   07:45   8.9   0.0   0.2   3.0  22.5   04:05     E
18  11.7  17.8   14:19   6.6   07:13   6.5   0.0   0.2   4.2  27.4   15:48   NNE
19  13.7  18.0   15:05   7.5   23:46   4.6   0.0  15.1   5.8  37.0   20:36   NNE
20  12.1  16.3   14:35   6.1   05:47   6.2   0.0   2.9   9.6  54.7   21:07   NNE
21  12.9  16.7   11:26   4.9   23:42   5.4   0.0   2.4   7.0  41.8   05:11    NE
22  10.4  15.9   15:47   3.8   06:11   7.9   0.0  16.3  10.1  54.7   13:28   NNE
23   9.5  13.8   13:37   5.1   23:58   8.8   0.0   1.2   3.9  43.5   04:41    SW
24   8.0  15.3   14:07   2.1   04:28  10.3   0.0   1.2   4.5  40.2   10:00     E
25   7.7  13.1   13:44   3.4   23:46  10.6   0.0   0.5   2.7  37.0   18:28     S
26   6.0  12.3   13:30   0.3   07:55  12.3   0.0   0.2   2.2  35.4   22:25   SSW
27   7.8  12.4   13:30   2.8   23:46  10.4   0.0   0.7   2.3  32.2   09:06   SSW
28   5.6  11.7   13:37   1.6   02:33  12.7   0.0   1.2   5.5  43.5   06:27   SSW
29   4.9  12.1   14:36  -0.4   07:40  13.4   0.0   0.2   1.7  17.7   19:46     S
30   5.0  11.7   14:35   0.1   05:18  12.5   0.0   0.0   0.8  12.9   15:33   SSW
31   8.0  12.2   13:13   4.4   03:45  10.3   0.0   0.0   4.0  22.5   14:01   SSW
----------------------------------------------------------------------------------
    10.9  21.7     9    -0.4    29   228.9   0.9 157.3   4.8  54.7    20       E

Max >=  27.0  0
Max <=   0.0  0
Min <=   0.0  1
Min <= -18.0  0
Max Rain: 44.2 on day 16
Days of Rain: 23 (>= 0.2 mm)  11 (>= 2.0 mm)  2 (>= 20.0 mm)
Heat Base: 18.3  Cool Base: 18.3  Method: Integration