NOAA-Style Climate Reports

Select a Year or Month report
2018: Jan Feb Mar Apr May Jun Jul Aug Sep Oct Nov Dec
2017: Jan Feb Mar Apr May Jun Jul Aug Sep Oct Nov Dec
2016: Jan Feb Mar Apr May Jun Jul Aug Sep Oct Nov Dec
2015: Jan Feb Mar Apr May Jun Jul Aug Sep Oct Nov Dec

Report for 2018 June
                   Monthly Climatological Summary for Jun 2018

Name: Picton Weather   City: Picton   State: New Zealand
Elevation: 6 m  Lat: S 41 17 35   Lon: E 173 59 57

                  Temperature (°C), Rain (mm), Wind Speed (km/h)

                                      Heat  Cool        Avg
    Mean                              Deg   Deg         Wind                 Dom
Day Temp  High   Time   Low    Time   Days  Days  Rain  Speed High   Time    Dir
----------------------------------------------------------------------------------
01   9.2  12.1   12:51   7.3   00:00   9.1   0.0   1.9   5.0  29.0   13:16     S
02  10.3  12.3   13:16   8.5   03:52   8.0   0.0   2.6   6.8  29.0   11:11     S
03  11.2  12.7   12:58   9.9   04:05   7.1   0.0   5.5   9.7  35.4   16:15   SSW
04  12.2  13.3   12:51  11.4   21:06   6.1   0.0  14.2  11.7  40.2   20:34   SSW
05  11.1  14.7   10:40   6.3   21:44   7.2   0.0   0.2   5.4  33.8   01:18     S
06   6.8   9.4   14:41   2.0   23:59  11.5   0.0   0.5   7.6  53.1   09:57   SSW
07   4.9   8.6   13:40   1.3   00:48  13.4   0.0   3.1   0.3  12.9   21:15   SSW
08   6.4  13.4   14:09   2.7   06:10  11.9   0.0   0.5   1.0  14.5   06:36    SW
09  10.1  14.8   12:53   3.4   02:16   8.2   0.0   0.2   6.9  37.0   22:39   NNE
10  10.9  15.3   13:49   6.8   07:53   7.4   0.0   0.0   4.3  37.0   23:05   NNE
11  11.2  12.6   05:52   9.5   23:51   7.1   0.0  14.4  18.6  78.9   10:47     S
12  10.5  11.7   21:37   9.2   05:03   7.8   0.0  99.6  23.9  86.9   11:56     S
13  11.4  12.6   15:27  10.2   22:56   6.9   0.0  17.3  10.4  59.5   01:30     S
14  10.5  12.4   12:45   8.8   03:57   7.8   0.0   0.2   0.4  12.9   13:43     N
15   9.5  15.4   14:30   5.0   08:12   8.8   0.0   0.0   1.3  20.9   13:29     N
16  11.3  16.4   13:35   7.3   08:04   7.0   0.0   1.7   2.0  25.7   14:03   NNE
17  11.1  15.4   13:09   7.8   07:53   7.2   0.0   6.7   2.6  27.4   12:28     N
18   7.9   9.5   18:16   5.4   07:34  10.4   0.0  42.0   6.3  40.2   18:33   SSW
19   9.9  11.4   14:20   7.2   23:30   8.4   0.0   4.1   9.1  57.9   15:55   SSW
20   8.4  10.2   03:46   5.7   01:26   9.9   0.0  10.6  13.6  64.4   06:47   SSW
21   7.1   9.4   14:52   4.0   21:43  11.2   0.0   0.2  10.2  40.2   09:43   SSW
22   4.5  10.0   14:15  -0.3   08:01  13.8   0.0   0.0   1.5  12.9   00:02   WNW
23   4.9  12.1   14:26   0.6   02:22  13.4   0.0   0.2   1.4  16.1   12:53   SSW
24   9.9  15.1   13:54   3.4   07:59   8.4   0.0   0.5   7.8  43.5   13:02   NNE
25   8.4  12.1   12:29   4.5   06:36   9.9   0.0   0.0   5.1  45.1   23:13   SSW
26   4.6  11.3   13:49  -0.6   23:36  13.7   0.0   0.2   2.5  32.2   15:02   SSW
27   2.7  10.8   14:31  -1.7   07:31  15.6   0.0   0.5   1.3   9.7   16:11   WSW
28   4.1  12.1   14:02  -0.6   03:43  14.2   0.0   0.0   0.9  12.9   13:30   NNW
29   3.7  11.4   14:26  -0.7   08:16  14.6   0.0   0.5   0.8   9.7   11:53     W
30   4.2  11.6   14:35   0.3   06:45  14.1   0.0   0.2   0.8   9.7   18:47   SSW
----------------------------------------------------------------------------------
     8.3  16.4    16    -1.7    27   300.1   0.0 227.6   6.0  86.9    12     SSW

Max >=  27.0  0
Max <=   0.0  0
Min <=   0.0  5
Min <= -18.0  0
Max Rain: 99.6 on day 12
Days of Rain: 25 (>= 0.2 mm)  11 (>= 2.0 mm)  2 (>= 20.0 mm)
Heat Base: 18.3  Cool Base: 18.3  Method: Integration