NOAA-Style Climate Reports

Select a Year or Month report
2018: Jan Feb Mar Apr May Jun Jul Aug Sep Oct Nov Dec
2017: Jan Feb Mar Apr May Jun Jul Aug Sep Oct Nov Dec
2016: Jan Feb Mar Apr May Jun Jul Aug Sep Oct Nov Dec
2015: Jan Feb Mar Apr May Jun Jul Aug Sep Oct Nov Dec

Report for 2018 August
                   Monthly Climatological Summary for Aug 2018

Name: Picton Weather   City: Picton   State: New Zealand
Elevation: 6 m  Lat: S 41 17 35   Lon: E 173 59 57

                  Temperature (°C), Rain (mm), Wind Speed (km/h)

                                      Heat  Cool        Avg
    Mean                              Deg   Deg         Wind                 Dom
Day Temp  High   Time   Low    Time   Days  Days  Rain  Speed High   Time    Dir
----------------------------------------------------------------------------------
01  10.8  16.4   14:16   6.1   23:59   7.5   0.0   0.2   5.1  30.6   11:06    NE
02  10.0  14.5   12:07   5.8   06:08   8.3   0.0  13.7   4.4  30.6   13:12   NNE
03   9.1  15.3   13:21   5.0   07:50   9.2   0.0   1.0   1.8  16.1   13:26   NNE
04   9.4  13.8   14:01   5.8   00:00   8.9   0.0   0.7   5.9  27.4   01:17   SSW
05   9.9  11.6   12:54   7.7   08:04   8.4   0.0   5.8   7.7  25.7   15:28     S
06  12.4  17.8   12:29  10.6   20:45   5.9   0.0   3.4   6.9  32.2   06:45   SSW
07  11.3  14.1   14:05   6.9   06:03   7.0   0.0   0.2   4.2  29.0   21:22   NNE
08  12.6  14.7   10:24  10.7   23:53   5.7   0.0  16.8  10.2  53.1   15:06   NNE
09  10.2  16.1   15:33   5.6   23:59   8.1   0.0   0.7   1.5  16.1   12:14   NNE
10   8.8  15.1   11:39   3.6   05:01   9.5   0.0   0.5   3.7  38.6   17:20     S
11   7.2  14.8   15:10   1.4   07:33  11.1   0.0   0.0   1.1  12.9   00:11   NNE
12   8.2  14.1   14:53   3.2   00:09  10.1   0.0   0.2   2.7  17.7   12:22   NNE
13   9.7  14.1   12:47   4.7   00:47   8.6   0.0   0.2   4.3  30.6   13:17   NNE
14  10.1  13.1   15:56   8.4   00:00   8.2   0.0   1.9   4.3  24.1   11:40     S
15  10.1  15.3   14:56   6.6   22:58   8.2   0.0   0.2   1.4  16.1   12:57   NNW
16   9.9  15.3   16:15   4.6   05:27   8.4   0.0   0.7   4.6  37.0   12:13   NNE
17  10.9  16.7   13:41   6.1   23:02   7.4   0.0   0.0   2.9  32.2   13:21   NNE
18   8.4  12.4   11:53   6.2   22:53   9.9   0.0   4.3   3.0  25.7   06:01     S
19   7.5  13.4   14:45   2.3   07:40  10.8   0.0   0.2   3.2  20.9   16:53   NNE
20   8.5  11.8   12:47   4.4   00:02   9.8   0.0  25.9   2.7  35.4   15:12     N
21  10.4  14.1   13:49   8.0   06:39   7.9   0.0   5.5   4.8  32.2   14:57   NNE
22   8.3  14.3   14:12   3.4   23:48  10.0   0.0   0.2   3.4  40.2   12:29   NNE
23   7.6  13.6   15:23   2.9   01:25  10.7   0.0   4.3   2.4  25.7   19:11    SW
24   6.8  13.6   14:18   2.1   07:22  11.5   0.0   0.2   1.5  16.1   14:18   NNW
25   7.4  13.3   11:32   2.2   04:23  10.9   0.0   0.5   2.7  38.6   11:13   SSE
26   8.1  15.1   14:57   1.8   07:01  10.2   0.0   0.2   3.3  22.5   12:25   NNE
27  10.2  15.7   12:51   2.9   03:56   8.1   0.0   0.2   6.5  30.6   22:19    NE
28  12.6  16.3   15:46   8.6   05:28   5.7   0.0   0.0   6.7  30.6   22:38     E
29  10.0  11.2   16:20   6.7   23:57   8.3   0.0   5.5   5.2  29.0   09:28   SSW
30   9.7  17.7   14:44   4.2   06:42   8.6   0.0   0.2   2.5  27.4   21:03   SSE
31   9.5  15.1   15:15   7.0   05:10   8.8   0.0   0.2   1.4  24.1   02:38     S
----------------------------------------------------------------------------------
     9.5  17.8     6     1.4    11   271.7   0.0  93.6   3.9  53.1     8      NE

Max >=  27.0  0
Max <=   0.0  0
Min <=   0.0  0
Min <= -18.0  0
Max Rain: 25.9 on day 20
Days of Rain: 28 (>= 0.2 mm)  9 (>= 2.0 mm)  1 (>= 20.0 mm)
Heat Base: 18.3  Cool Base: 18.3  Method: Integration