NOAA-Style Climate Reports

Select a Year or Month report
2018: Jan Feb Mar Apr May Jun Jul Aug Sep Oct Nov Dec
2017: Jan Feb Mar Apr May Jun Jul Aug Sep Oct Nov Dec
2016: Jan Feb Mar Apr May Jun Jul Aug Sep Oct Nov Dec
2015: Jan Feb Mar Apr May Jun Jul Aug Sep Oct Nov Dec

Report for 2018 September
                   Monthly Climatological Summary for Sep 2018

Name: Picton Weather   City: Picton   State: New Zealand
Elevation: 6 m  Lat: S 41 17 35   Lon: E 173 59 57

                  Temperature (°C), Rain (mm), Wind Speed (km/h)

                                      Heat  Cool        Avg
    Mean                              Deg   Deg         Wind                 Dom
Day Temp  High   Time   Low    Time   Days  Days  Rain  Speed High   Time    Dir
----------------------------------------------------------------------------------
01  11.6  18.1   13:43   6.6   06:38   6.7   0.0   0.0   5.3  35.4   16:41   NNE
02  11.3  13.8   12:16   9.4   00:00   7.0   0.0  14.2   3.0  29.0   12:40   NNE
03   9.4  11.2   00:00   7.1   21:00   8.9   0.0   9.1   3.1  19.3   21:55   SSW
04  10.0  14.0   10:42   6.6   01:37   8.3   0.0   0.5  14.2  62.8   20:03     S
05   9.3  12.4   11:40   7.8   20:17   9.0   0.0   0.2  18.5  69.2   06:44   SSE
06   9.3  11.0   14:52   8.3   23:02   9.0   0.0   0.2  17.9  75.6   12:23   SSE
07   9.0  10.6   10:57   7.7   22:17   9.3   0.0   0.0  18.5  75.6   07:33   SSE
08   8.2  13.3   10:51   4.2   23:47  10.1   0.0   0.0   7.3  40.2   00:54    SE
09   6.9  13.2   09:40   0.8   07:07  11.4   0.0   0.0   2.4  17.7   11:04    NW
10   8.3  14.6   09:40   4.1   02:08  10.0   0.0   0.0   4.0  24.1   17:20   ESE
11   9.0  16.3   11:23   3.7   23:54   9.3   0.0   0.0   5.1  27.4   13:37    SE
12  10.0  16.8   14:43   1.9   05:19   8.3   0.0   0.0   5.0  24.1   15:21     N
13  13.2  18.2   15:11   8.2   23:57   5.1   0.0   0.0   6.4  24.1   13:47     N
14  13.1  21.7   11:27   6.3   04:02   5.6   0.4   0.0   3.8  37.0   10:22    NW
15  13.0  17.2   14:55   7.9   22:40   5.3   0.0   0.0   4.3  22.5   11:51     N
16  13.5  15.7   14:11   8.8   00:00   4.7   0.0   0.0  10.7  45.1   13:34   NNE
17  14.4  16.3   15:00  12.3   02:14   3.9   0.0  17.5  12.7  56.3   16:21   NNE
18  10.7  17.1   10:03   6.0   06:48   7.6   0.0   0.2   6.4  30.6   15:25   SSE
19  10.0  17.9   14:11   3.2   06:04   8.3   0.0   0.0   3.7  22.5   06:17   NNE
20  11.3  19.8   13:44   4.1   06:41   7.1   0.1   0.0   4.0  27.4   16:24     N
21  10.6  16.8   14:24   6.3   05:51   7.7   0.0   0.2   2.9  33.8   14:41   SSE
22  11.1  16.6   13:38   4.8   23:57   7.2   0.0   0.0   5.9  30.6   00:53   SSE
23   9.8  16.7   13:02   2.6   04:44   8.5   0.0   0.2   4.6  27.4   13:14     N
24  12.2  16.1   14:08   7.3   01:14   6.1   0.0   0.0   6.8  49.9   15:41   NNE
25   9.5  13.9   14:46   6.2   05:15   8.8   0.0  10.6   4.3  30.6   23:00   NNW
26  10.7  16.1   09:44   5.8   06:13   7.6   0.0   0.0   7.3  37.0   01:48   SSE
27   8.2  12.6   13:24   3.7   04:30  10.1   0.0   2.4   2.6  24.1   19:21     S
28   9.2  15.4   14:59   3.6   06:19   9.1   0.0   0.0   3.2  19.3   15:20   NNE
29  11.7  18.0   11:41   3.4   02:34   6.6   0.0   0.2   7.9  40.2   15:24   NNE
30  12.8  16.8   12:24   7.1   05:21   5.2   0.0   0.0  10.3  45.1   14:34     N
----------------------------------------------------------------------------------
    10.6  21.7    14     0.8     9   231.8   0.5  55.5   7.1  75.6     6       E

Max >=  27.0  0
Max <=   0.0  0
Min <=   0.0  0
Min <= -18.0  0
Max Rain: 17.5 on day 17
Days of Rain: 12 (>= 0.2 mm)  5 (>= 2.0 mm)  0 (>= 20.0 mm)
Heat Base: 18.3  Cool Base: 18.3  Method: Integration