NOAA-Style Climate Reports

Select a Year or Month report
2018: Jan Feb Mar Apr May Jun Jul Aug Sep Oct Nov Dec
2017: Jan Feb Mar Apr May Jun Jul Aug Sep Oct Nov Dec
2016: Jan Feb Mar Apr May Jun Jul Aug Sep Oct Nov Dec
2015: Jan Feb Mar Apr May Jun Jul Aug Sep Oct Nov Dec

Report for 2018 October
                   Monthly Climatological Summary for Oct 2018

Name: Picton Weather   City: Picton   State: New Zealand
Elevation: 6 m  Lat: S 41 17 35   Lon: E 173 59 57

                  Temperature (°C), Rain (mm), Wind Speed (km/h)

                                      Heat  Cool        Avg
    Mean                              Deg   Deg         Wind                 Dom
Day Temp  High   Time   Low    Time   Days  Days  Rain  Speed High   Time    Dir
----------------------------------------------------------------------------------
01  14.3  16.6   10:50  12.6   02:07   4.0   0.0   2.9   9.3  37.0   14:34   NNE
02  13.7  17.8   15:49   8.8   06:31   4.6   0.0   0.0   6.4  30.6   12:49   NNE
03  12.8  16.2   15:24   8.8   23:58   5.5   0.0   0.0   6.3  37.0   03:52   NNE
04  11.8  16.8   15:19   6.3   07:35   6.5   0.0   0.2   7.5  37.0   17:19   NNE
05  13.1  17.5   14:09   8.3   07:03   5.2   0.0   0.0   6.8  30.6   22:19   SSE
06  13.0  19.3   13:40  10.2   04:30   5.3   0.0   0.0   5.4  25.7   08:56   SSW
07  13.1  18.4   12:24   9.9   06:03   5.2   0.0   0.0   5.6  40.2   14:42   SSE
08  12.4  18.4   15:09   5.6   07:07   5.9   0.0   0.0   6.1  35.4   15:28   NNE
09  12.2  17.1   14:02   7.1   23:50   6.1   0.0   0.0   5.4  27.4   00:52     N
10  12.6  18.1   14:45   5.0   03:28   5.7   0.0   0.0   8.6  43.5   11:00   NNE
11  13.6  15.8   17:28  11.8   06:40   4.7   0.0  15.4   5.3  29.0   17:04     N
12  10.1  13.3   00:00   7.3   21:36   8.2   0.0   8.2   9.7  69.2   18:29   SSE
13   8.9  15.2   13:20   3.9   23:58   9.4   0.0   0.0  10.2  56.3   01:31     S
14   8.1  13.1   13:40   1.1   05:38  10.2   0.0   0.0   4.3  35.4   13:07   ESE
15  11.5  18.1   14:33   5.5   06:39   6.8   0.0   0.0   5.8  29.0   16:46    SE
16  12.4  16.4   13:49   7.8   23:59   5.9   0.0   0.0   6.3  30.6   18:23   NNE
17  11.5  18.5   16:34   3.8   06:39   6.8   0.0   0.0   3.2  17.7   16:20   NNW
18  10.9  16.4   10:20   4.1   23:59   7.4   0.0   0.0   4.7  59.5   09:39   SSE
19  12.3  20.4   13:08   2.7   03:41   6.4   0.4   0.0   7.5  37.0   13:36     N
----------------------------------------------------------------------------------
    12.0  20.4    19     1.1    14   119.8   0.4  26.7   6.5  69.2    12      NE

Max >=  27.0  0
Max <=   0.0  0
Min <=   0.0  0
Min <= -18.0  0
Max Rain: 15.4 on day 11
Days of Rain: 4 (>= 0.2 mm)  3 (>= 2.0 mm)  0 (>= 20.0 mm)
Heat Base: 18.3  Cool Base: 18.3  Method: Integration